{"id":5709,"date":"2025-01-29T17:39:36","date_gmt":"2025-01-29T16:39:36","guid":{"rendered":"https:\/\/v2.ajeandalucia.org\/cadiz\/?post_type=integrante_comite&#038;p=5709"},"modified":"2025-04-08T14:14:34","modified_gmt":"2025-04-08T12:14:34","slug":"francisco-javier-real-benitez","status":"publish","type":"integrante_comite","link":"https:\/\/ajeandalucia.org\/cadiz\/integrante_comite\/francisco-javier-real-benitez\/","title":{"rendered":"Susana Mart\u00ednez Li\u00e9bana"},"content":{"rendered":"","protected":false},"featured_media":5966,"parent":0,"template":"","meta":{"_acf_changed":false,"site-sidebar-layout":"default","site-content-layout":"","ast-site-content-layout":"default","site-content-style":"default","site-sidebar-style":"default","ast-global-header-display":"","ast-banner-title-visibility":"","ast-main-header-display":"","ast-hfb-above-header-display":"","ast-hfb-below-header-display":"","ast-hfb-mobile-header-display":"","site-post-title":"","ast-breadcrumbs-content":"","ast-featured-img":"","footer-sml-layout":"","ast-disable-related-posts":"","theme-transparent-header-meta":"default","adv-header-id-meta":"","stick-header-meta":"","header-above-stick-meta":"","header-main-stick-meta":"","header-below-stick-meta":"","astra-migrate-meta-layouts":"set","ast-page-background-enabled":"default","ast-page-background-meta":{"desktop":{"background-color":"var(--ast-global-color-5)","background-image":"","background-repeat":"repeat","background-position":"center center","background-size":"auto","background-attachment":"scroll","background-type":"","background-media":"","overlay-type":"","overlay-color":"","overlay-opacity":"","overlay-gradient":""},"tablet":{"background-color":"","background-image":"","background-repeat":"repeat","background-position":"center center","background-size":"auto","background-attachment":"scroll","background-type":"","background-media":"","overlay-type":"","overlay-color":"","overlay-opacity":"","overlay-gradient":""},"mobile":{"background-color":"","background-image":"","background-repeat":"repeat","background-position":"center center","background-size":"auto","background-attachment":"scroll","background-type":"","background-media":"","overlay-type":"","overlay-color":"","overlay-opacity":"","overlay-gradient":""}},"ast-content-background-meta":{"desktop":{"background-color":"var(--ast-global-color-4)","background-image":"","background-repeat":"repeat","background-position":"center center","background-size":"auto","background-attachment":"scroll","background-type":"","background-media":"","overlay-type":"","overlay-color":"","overlay-opacity":"","overlay-gradient":""},"tablet":{"background-color":"var(--ast-global-color-4)","background-image":"","background-repeat":"repeat","background-position":"center center","background-size":"auto","background-attachment":"scroll","background-type":"","background-media":"","overlay-type":"","overlay-color":"","overlay-opacity":"","overlay-gradient":""},"mobile":{"background-color":"var(--ast-global-color-4)","background-image":"","background-repeat":"repeat","background-position":"center center","background-size":"auto","background-attachment":"scroll","background-type":"","background-media":"","overlay-type":"","overlay-color":"","overlay-opacity":"","overlay-gradient":""}}},"class_list":["post-5709","integrante_comite","type-integrante_comite","status-publish","has-post-thumbnail","hentry"],"acf":[],"yoast_head":"<!-- This site is optimized with the Yoast SEO plugin v26.9 - https:\/\/yoast.com\/product\/yoast-seo-wordpress\/ -->\n<title>Susana Mart\u00ednez Li\u00e9bana - AJE C\u00e1diz<\/title>\n<meta name=\"robots\" content=\"index, follow, max-snippet:-1, max-image-preview:large, max-video-preview:-1\" \/>\n<link rel=\"canonical\" href=\"https:\/\/ajeandalucia.org\/cadiz\/integrante_comite\/francisco-javier-real-benitez\/\" \/>\n<meta property=\"og:locale\" content=\"es_ES\" \/>\n<meta property=\"og:type\" content=\"article\" \/>\n<meta property=\"og:title\" content=\"Susana Mart\u00ednez Li\u00e9bana - AJE C\u00e1diz\" \/>\n<meta property=\"og:url\" content=\"https:\/\/ajeandalucia.org\/cadiz\/integrante_comite\/francisco-javier-real-benitez\/\" \/>\n<meta property=\"og:site_name\" content=\"AJE C\u00e1diz\" \/>\n<meta property=\"article:modified_time\" content=\"2025-04-08T12:14:34+00:00\" \/>\n<meta property=\"og:image\" content=\"https:\/\/ajeandalucia.org\/cadiz\/wp-content\/uploads\/sites\/5\/2025\/01\/susana-martinez-Liebana-web2.png\" \/>\n\t<meta property=\"og:image:width\" content=\"473\" \/>\n\t<meta property=\"og:image:height\" content=\"593\" \/>\n\t<meta property=\"og:image:type\" content=\"image\/png\" \/>\n<meta name=\"twitter:card\" content=\"summary_large_image\" \/>\n<meta name=\"twitter:label1\" content=\"Tiempo de lectura\" \/>\n\t<meta name=\"twitter:data1\" content=\"1 minuto\" \/>\n<script type=\"application\/ld+json\" class=\"yoast-schema-graph\">{\"@context\":\"https:\/\/schema.org\",\"@graph\":[{\"@type\":\"WebPage\",\"@id\":\"https:\/\/ajeandalucia.org\/cadiz\/integrante_comite\/francisco-javier-real-benitez\/\",\"url\":\"https:\/\/ajeandalucia.org\/cadiz\/integrante_comite\/francisco-javier-real-benitez\/\",\"name\":\"Susana Mart\u00ednez Li\u00e9bana - AJE C\u00e1diz\",\"isPartOf\":{\"@id\":\"https:\/\/ajeandalucia.org\/cadiz\/#website\"},\"primaryImageOfPage\":{\"@id\":\"https:\/\/ajeandalucia.org\/cadiz\/integrante_comite\/francisco-javier-real-benitez\/#primaryimage\"},\"image\":{\"@id\":\"https:\/\/ajeandalucia.org\/cadiz\/integrante_comite\/francisco-javier-real-benitez\/#primaryimage\"},\"thumbnailUrl\":\"https:\/\/ajeandalucia.org\/cadiz\/wp-content\/uploads\/sites\/5\/2025\/01\/susana-martinez-Liebana-web2.png\",\"datePublished\":\"2025-01-29T16:39:36+00:00\",\"dateModified\":\"2025-04-08T12:14:34+00:00\",\"breadcrumb\":{\"@id\":\"https:\/\/ajeandalucia.org\/cadiz\/integrante_comite\/francisco-javier-real-benitez\/#breadcrumb\"},\"inLanguage\":\"es\",\"potentialAction\":[{\"@type\":\"ReadAction\",\"target\":[\"https:\/\/ajeandalucia.org\/cadiz\/integrante_comite\/francisco-javier-real-benitez\/\"]}]},{\"@type\":\"ImageObject\",\"inLanguage\":\"es\",\"@id\":\"https:\/\/ajeandalucia.org\/cadiz\/integrante_comite\/francisco-javier-real-benitez\/#primaryimage\",\"url\":\"https:\/\/ajeandalucia.org\/cadiz\/wp-content\/uploads\/sites\/5\/2025\/01\/susana-martinez-Liebana-web2.png\",\"contentUrl\":\"https:\/\/ajeandalucia.org\/cadiz\/wp-content\/uploads\/sites\/5\/2025\/01\/susana-martinez-Liebana-web2.png\",\"width\":473,\"height\":593},{\"@type\":\"BreadcrumbList\",\"@id\":\"https:\/\/ajeandalucia.org\/cadiz\/integrante_comite\/francisco-javier-real-benitez\/#breadcrumb\",\"itemListElement\":[{\"@type\":\"ListItem\",\"position\":1,\"name\":\"Portada\",\"item\":\"https:\/\/ajeandalucia.org\/cadiz\/\"},{\"@type\":\"ListItem\",\"position\":2,\"name\":\"Susana Mart\u00ednez Li\u00e9bana\"}]},{\"@type\":\"WebSite\",\"@id\":\"https:\/\/ajeandalucia.org\/cadiz\/#website\",\"url\":\"https:\/\/ajeandalucia.org\/cadiz\/\",\"name\":\"AJE C\u00e1diz\",\"description\":\"Otro sitio m\u00e1s de AJE Andaluc\u00eda\",\"publisher\":{\"@id\":\"https:\/\/ajeandalucia.org\/cadiz\/#organization\"},\"potentialAction\":[{\"@type\":\"SearchAction\",\"target\":{\"@type\":\"EntryPoint\",\"urlTemplate\":\"https:\/\/ajeandalucia.org\/cadiz\/?s={search_term_string}\"},\"query-input\":{\"@type\":\"PropertyValueSpecification\",\"valueRequired\":true,\"valueName\":\"search_term_string\"}}],\"inLanguage\":\"es\"},{\"@type\":\"Organization\",\"@id\":\"https:\/\/ajeandalucia.org\/cadiz\/#organization\",\"name\":\"AJE C\u00e1diz\",\"url\":\"https:\/\/ajeandalucia.org\/cadiz\/\",\"logo\":{\"@type\":\"ImageObject\",\"inLanguage\":\"es\",\"@id\":\"https:\/\/ajeandalucia.org\/cadiz\/#\/schema\/logo\/image\/\",\"url\":\"https:\/\/ajeandalucia.org\/cadiz\/wp-content\/uploads\/sites\/5\/2025\/01\/AJE-CADIZ-horizontal.png\",\"contentUrl\":\"https:\/\/ajeandalucia.org\/cadiz\/wp-content\/uploads\/sites\/5\/2025\/01\/AJE-CADIZ-horizontal.png\",\"width\":605,\"height\":200,\"caption\":\"AJE C\u00e1diz\"},\"image\":{\"@id\":\"https:\/\/ajeandalucia.org\/cadiz\/#\/schema\/logo\/image\/\"}}]}<\/script>\n<!-- \/ Yoast SEO plugin. -->","yoast_head_json":{"title":"Susana Mart\u00ednez Li\u00e9bana - AJE C\u00e1diz","robots":{"index":"index","follow":"follow","max-snippet":"max-snippet:-1","max-image-preview":"max-image-preview:large","max-video-preview":"max-video-preview:-1"},"canonical":"https:\/\/ajeandalucia.org\/cadiz\/integrante_comite\/francisco-javier-real-benitez\/","og_locale":"es_ES","og_type":"article","og_title":"Susana Mart\u00ednez Li\u00e9bana - AJE C\u00e1diz","og_url":"https:\/\/ajeandalucia.org\/cadiz\/integrante_comite\/francisco-javier-real-benitez\/","og_site_name":"AJE C\u00e1diz","article_modified_time":"2025-04-08T12:14:34+00:00","og_image":[{"width":473,"height":593,"url":"https:\/\/ajeandalucia.org\/cadiz\/wp-content\/uploads\/sites\/5\/2025\/01\/susana-martinez-Liebana-web2.png","type":"image\/png"}],"twitter_card":"summary_large_image","twitter_misc":{"Tiempo de lectura":"1 minuto"},"schema":{"@context":"https:\/\/schema.org","@graph":[{"@type":"WebPage","@id":"https:\/\/ajeandalucia.org\/cadiz\/integrante_comite\/francisco-javier-real-benitez\/","url":"https:\/\/ajeandalucia.org\/cadiz\/integrante_comite\/francisco-javier-real-benitez\/","name":"Susana Mart\u00ednez Li\u00e9bana - AJE C\u00e1diz","isPartOf":{"@id":"https:\/\/ajeandalucia.org\/cadiz\/#website"},"primaryImageOfPage":{"@id":"https:\/\/ajeandalucia.org\/cadiz\/integrante_comite\/francisco-javier-real-benitez\/#primaryimage"},"image":{"@id":"https:\/\/ajeandalucia.org\/cadiz\/integrante_comite\/francisco-javier-real-benitez\/#primaryimage"},"thumbnailUrl":"https:\/\/ajeandalucia.org\/cadiz\/wp-content\/uploads\/sites\/5\/2025\/01\/susana-martinez-Liebana-web2.png","datePublished":"2025-01-29T16:39:36+00:00","dateModified":"2025-04-08T12:14:34+00:00","breadcrumb":{"@id":"https:\/\/ajeandalucia.org\/cadiz\/integrante_comite\/francisco-javier-real-benitez\/#breadcrumb"},"inLanguage":"es","potentialAction":[{"@type":"ReadAction","target":["https:\/\/ajeandalucia.org\/cadiz\/integrante_comite\/francisco-javier-real-benitez\/"]}]},{"@type":"ImageObject","inLanguage":"es","@id":"https:\/\/ajeandalucia.org\/cadiz\/integrante_comite\/francisco-javier-real-benitez\/#primaryimage","url":"https:\/\/ajeandalucia.org\/cadiz\/wp-content\/uploads\/sites\/5\/2025\/01\/susana-martinez-Liebana-web2.png","contentUrl":"https:\/\/ajeandalucia.org\/cadiz\/wp-content\/uploads\/sites\/5\/2025\/01\/susana-martinez-Liebana-web2.png","width":473,"height":593},{"@type":"BreadcrumbList","@id":"https:\/\/ajeandalucia.org\/cadiz\/integrante_comite\/francisco-javier-real-benitez\/#breadcrumb","itemListElement":[{"@type":"ListItem","position":1,"name":"Portada","item":"https:\/\/ajeandalucia.org\/cadiz\/"},{"@type":"ListItem","position":2,"name":"Susana Mart\u00ednez Li\u00e9bana"}]},{"@type":"WebSite","@id":"https:\/\/ajeandalucia.org\/cadiz\/#website","url":"https:\/\/ajeandalucia.org\/cadiz\/","name":"AJE C\u00e1diz","description":"Otro sitio m\u00e1s de AJE Andaluc\u00eda","publisher":{"@id":"https:\/\/ajeandalucia.org\/cadiz\/#organization"},"potentialAction":[{"@type":"SearchAction","target":{"@type":"EntryPoint","urlTemplate":"https:\/\/ajeandalucia.org\/cadiz\/?s={search_term_string}"},"query-input":{"@type":"PropertyValueSpecification","valueRequired":true,"valueName":"search_term_string"}}],"inLanguage":"es"},{"@type":"Organization","@id":"https:\/\/ajeandalucia.org\/cadiz\/#organization","name":"AJE C\u00e1diz","url":"https:\/\/ajeandalucia.org\/cadiz\/","logo":{"@type":"ImageObject","inLanguage":"es","@id":"https:\/\/ajeandalucia.org\/cadiz\/#\/schema\/logo\/image\/","url":"https:\/\/ajeandalucia.org\/cadiz\/wp-content\/uploads\/sites\/5\/2025\/01\/AJE-CADIZ-horizontal.png","contentUrl":"https:\/\/ajeandalucia.org\/cadiz\/wp-content\/uploads\/sites\/5\/2025\/01\/AJE-CADIZ-horizontal.png","width":605,"height":200,"caption":"AJE C\u00e1diz"},"image":{"@id":"https:\/\/ajeandalucia.org\/cadiz\/#\/schema\/logo\/image\/"}}]}},"_links":{"self":[{"href":"https:\/\/ajeandalucia.org\/cadiz\/wp-json\/wp\/v2\/integrante_comite\/5709","targetHints":{"allow":["GET"]}}],"collection":[{"href":"https:\/\/ajeandalucia.org\/cadiz\/wp-json\/wp\/v2\/integrante_comite"}],"about":[{"href":"https:\/\/ajeandalucia.org\/cadiz\/wp-json\/wp\/v2\/types\/integrante_comite"}],"wp:featuredmedia":[{"embeddable":true,"href":"https:\/\/ajeandalucia.org\/cadiz\/wp-json\/wp\/v2\/media\/5966"}],"wp:attachment":[{"href":"https:\/\/ajeandalucia.org\/cadiz\/wp-json\/wp\/v2\/media?parent=5709"}],"curies":[{"name":"wp","href":"https:\/\/api.w.org\/{rel}","templated":true}]}}

Susana Martínez Liébana

<!-- This site is optimized with the Yoast SEO plugin v26.9 - https://yoast.com/product/yoast-seo-wordpress/ -->
<title>Susana Martínez Liébana - AJE Cádiz</title>
<meta name="robots" content="index, follow, max-snippet:-1, max-image-preview:large, max-video-preview:-1" />
<link rel="canonical" href="https://ajeandalucia.org/cadiz/integrante_comite/francisco-javier-real-benitez/" />
<meta property="og:locale" content="es_ES" />
<meta property="og:type" content="article" />
<meta property="og:title" content="Susana Martínez Liébana - AJE Cádiz" />
<meta property="og:url" content="https://ajeandalucia.org/cadiz/integrante_comite/francisco-javier-real-benitez/" />
<meta property="og:site_name" content="AJE Cádiz" />
<meta property="article:modified_time" content="2025-04-08T12:14:34+00:00" />
<meta property="og:image" content="https://ajeandalucia.org/cadiz/wp-content/uploads/sites/5/2025/01/susana-martinez-Liebana-web2.png" />
	<meta property="og:image:width" content="473" />
	<meta property="og:image:height" content="593" />
	<meta property="og:image:type" content="image/png" />
<meta name="twitter:card" content="summary_large_image" />
<meta name="twitter:label1" content="Tiempo de lectura" />
	<meta name="twitter:data1" content="1 minuto" />
<script type="application/ld+json" class="yoast-schema-graph">{"@context":"https://schema.org","@graph":[{"@type":"WebPage","@id":"https://ajeandalucia.org/cadiz/integrante_comite/francisco-javier-real-benitez/","url":"https://ajeandalucia.org/cadiz/integrante_comite/francisco-javier-real-benitez/","name":"Susana Martínez Liébana - AJE Cádiz","isPartOf":{"@id":"https://ajeandalucia.org/cadiz/#website"},"primaryImageOfPage":{"@id":"https://ajeandalucia.org/cadiz/integrante_comite/francisco-javier-real-benitez/#primaryimage"},"image":{"@id":"https://ajeandalucia.org/cadiz/integrante_comite/francisco-javier-real-benitez/#primaryimage"},"thumbnailUrl":"https://ajeandalucia.org/cadiz/wp-content/uploads/sites/5/2025/01/susana-martinez-Liebana-web2.png","datePublished":"2025-01-29T16:39:36+00:00","dateModified":"2025-04-08T12:14:34+00:00","breadcrumb":{"@id":"https://ajeandalucia.org/cadiz/integrante_comite/francisco-javier-real-benitez/#breadcrumb"},"inLanguage":"es","potentialAction":[{"@type":"ReadAction","target":["https://ajeandalucia.org/cadiz/integrante_comite/francisco-javier-real-benitez/"]}]},{"@type":"ImageObject","inLanguage":"es","@id":"https://ajeandalucia.org/cadiz/integrante_comite/francisco-javier-real-benitez/#primaryimage","url":"https://ajeandalucia.org/cadiz/wp-content/uploads/sites/5/2025/01/susana-martinez-Liebana-web2.png","contentUrl":"https://ajeandalucia.org/cadiz/wp-content/uploads/sites/5/2025/01/susana-martinez-Liebana-web2.png","width":473,"height":593},{"@type":"BreadcrumbList","@id":"https://ajeandalucia.org/cadiz/integrante_comite/francisco-javier-real-benitez/#breadcrumb","itemListElement":[{"@type":"ListItem","position":1,"name":"Portada","item":"https://ajeandalucia.org/cadiz/"},{"@type":"ListItem","position":2,"name":"Susana Martínez Liébana"}]},{"@type":"WebSite","@id":"https://ajeandalucia.org/cadiz/#website","url":"https://ajeandalucia.org/cadiz/","name":"AJE Cádiz","description":"Otro sitio más de AJE Andalucía","publisher":{"@id":"https://ajeandalucia.org/cadiz/#organization"},"potentialAction":[{"@type":"SearchAction","target":{"@type":"EntryPoint","urlTemplate":"https://ajeandalucia.org/cadiz/?s={search_term_string}"},"query-input":{"@type":"PropertyValueSpecification","valueRequired":true,"valueName":"search_term_string"}}],"inLanguage":"es"},{"@type":"Organization","@id":"https://ajeandalucia.org/cadiz/#organization","name":"AJE Cádiz","url":"https://ajeandalucia.org/cadiz/","logo":{"@type":"ImageObject","inLanguage":"es","@id":"https://ajeandalucia.org/cadiz/#/schema/logo/image/","url":"https://ajeandalucia.org/cadiz/wp-content/uploads/sites/5/2025/01/AJE-CADIZ-horizontal.png","contentUrl":"https://ajeandalucia.org/cadiz/wp-content/uploads/sites/5/2025/01/AJE-CADIZ-horizontal.png","width":605,"height":200,"caption":"AJE Cádiz"},"image":{"@id":"https://ajeandalucia.org/cadiz/#/schema/logo/image/"}}]}</script>
<!-- / Yoast SEO plugin. -->

Susana Martínez Liébana - AJE Cádiz

AJE Cádiz

Otro sitio más de AJE Andalucía
