{"id":46690,"date":"2025-03-05T09:53:25","date_gmt":"2025-03-05T08:53:25","guid":{"rendered":"https:\/\/ajeandalucia.org\/granada\/?post_type=mec-events&#038;p=46690"},"modified":"2025-03-13T10:05:17","modified_gmt":"2025-03-13T09:05:17","slug":"ajetreo","status":"publish","type":"mec-events","link":"https:\/\/ajeandalucia.org\/granada\/eventos\/ajetreo\/","title":{"rendered":"Ajetreo"},"content":{"rendered":"<p data-start=\"61\" data-end=\"192\">\u00a1Nos vamos de <strong data-start=\"75\" data-end=\"86\">AJEtreo<\/strong> el pr\u00f3ximo <strong data-start=\"98\" data-end=\"120\">jueves 13 de marzo<\/strong> en uno de los bares m\u00e1s emblem\u00e1ticos del Zaid\u00edn: <strong data-start=\"170\" data-end=\"186\">Los Manueles<\/strong>!<\/p>\n<p data-start=\"194\" data-end=\"324\"><strong data-start=\"198\" data-end=\"221\">Jueves 13 de marzo<\/strong><br data-start=\"221\" data-end=\"224\" \/><strong data-start=\"227\" data-end=\"237\">14:00h<\/strong><br data-start=\"237\" data-end=\"240\" \/><strong data-start=\"243\" data-end=\"274\" data-is-only-node=\"\">Bar Los Manueles del Zaid\u00edn C. Torre de la P\u00f3lvora, 20, Genil, 18008 Granada<\/strong><br data-start=\"274\" data-end=\"277\" \/><strong data-start=\"280\" data-end=\"287\">9 \u20ac<\/strong> (incluye <strong data-start=\"297\" data-end=\"321\">3 cervezas + 3 tapas<\/strong>)<\/p>\n<p data-start=\"194\" data-end=\"324\">\u00a1Os esperamos para pasar un buen rato juntos!<\/p>\n","protected":false},"excerpt":{"rendered":"<p>\u00a1Nos vamos de AJEtreo el pr\u00f3ximo jueves 13 de marzo!<\/p>\n","protected":false},"author":6,"featured_media":46691,"comment_status":"closed","ping_status":"closed","template":"","meta":{"_acf_changed":false,"site-sidebar-layout":"default","site-content-layout":"","ast-site-content-layout":"default","site-content-style":"default","site-sidebar-style":"default","ast-global-header-display":"","ast-banner-title-visibility":"","ast-main-header-display":"","ast-hfb-above-header-display":"","ast-hfb-below-header-display":"","ast-hfb-mobile-header-display":"","site-post-title":"","ast-breadcrumbs-content":"","ast-featured-img":"","footer-sml-layout":"","ast-disable-related-posts":"","theme-transparent-header-meta":"default","adv-header-id-meta":"","stick-header-meta":"","header-above-stick-meta":"","header-main-stick-meta":"","header-below-stick-meta":"","astra-migrate-meta-layouts":"set","ast-page-background-enabled":"default","ast-page-background-meta":{"desktop":{"background-color":"var(--ast-global-color-5)","background-image":"","background-repeat":"repeat","background-position":"center center","background-size":"auto","background-attachment":"scroll","background-type":"","background-media":"","overlay-type":"","overlay-color":"","overlay-opacity":"","overlay-gradient":""},"tablet":{"background-color":"","background-image":"","background-repeat":"repeat","background-position":"center center","background-size":"auto","background-attachment":"scroll","background-type":"","background-media":"","overlay-type":"","overlay-color":"","overlay-opacity":"","overlay-gradient":""},"mobile":{"background-color":"","background-image":"","background-repeat":"repeat","background-position":"center center","background-size":"auto","background-attachment":"scroll","background-type":"","background-media":"","overlay-type":"","overlay-color":"","overlay-opacity":"","overlay-gradient":""}},"ast-content-background-meta":{"desktop":{"background-color":"var(--ast-global-color-4)","background-image":"","background-repeat":"repeat","background-position":"center center","background-size":"auto","background-attachment":"scroll","background-type":"","background-media":"","overlay-type":"","overlay-color":"","overlay-opacity":"","overlay-gradient":""},"tablet":{"background-color":"var(--ast-global-color-4)","background-image":"","background-repeat":"repeat","background-position":"center center","background-size":"auto","background-attachment":"scroll","background-type":"","background-media":"","overlay-type":"","overlay-color":"","overlay-opacity":"","overlay-gradient":""},"mobile":{"background-color":"var(--ast-global-color-4)","background-image":"","background-repeat":"repeat","background-position":"center center","background-size":"auto","background-attachment":"scroll","background-type":"","background-media":"","overlay-type":"","overlay-color":"","overlay-opacity":"","overlay-gradient":""}}},"tags":[],"mec_category":[],"mec_speaker":[],"mec_sponsor":[],"class_list":["post-46690","mec-events","type-mec-events","status-publish","has-post-thumbnail","hentry"],"acf":[],"yoast_head":"<!-- This site is optimized with the Yoast SEO plugin v26.9 - https:\/\/yoast.com\/product\/yoast-seo-wordpress\/ -->\n<title>Ajetreo - AJE Granada<\/title>\n<meta name=\"robots\" content=\"index, follow, max-snippet:-1, max-image-preview:large, max-video-preview:-1\" \/>\n<link rel=\"canonical\" href=\"https:\/\/ajeandalucia.org\/granada\/eventos\/ajetreo\/\" \/>\n<meta property=\"og:locale\" content=\"es_ES\" \/>\n<meta property=\"og:type\" content=\"article\" \/>\n<meta property=\"og:title\" content=\"Ajetreo - AJE Granada\" \/>\n<meta property=\"og:description\" content=\"\u00a1Nos vamos de AJEtreo el pr\u00f3ximo jueves 13 de marzo!\" \/>\n<meta property=\"og:url\" content=\"https:\/\/ajeandalucia.org\/granada\/eventos\/ajetreo\/\" \/>\n<meta property=\"og:site_name\" content=\"AJE Granada\" \/>\n<meta property=\"article:modified_time\" content=\"2025-03-13T09:05:17+00:00\" \/>\n<meta property=\"og:image\" content=\"https:\/\/ajeandalucia.org\/granada\/wp-content\/uploads\/sites\/7\/2025\/03\/INSTAGRAM-POSTS-2025-1.png\" \/>\n\t<meta property=\"og:image:width\" content=\"1080\" \/>\n\t<meta property=\"og:image:height\" content=\"1350\" \/>\n\t<meta property=\"og:image:type\" content=\"image\/png\" \/>\n<meta name=\"twitter:card\" content=\"summary_large_image\" \/>\n<meta name=\"twitter:label1\" content=\"Tiempo de lectura\" \/>\n\t<meta name=\"twitter:data1\" content=\"1 minuto\" \/>\n<script type=\"application\/ld+json\" class=\"yoast-schema-graph\">{\"@context\":\"https:\/\/schema.org\",\"@graph\":[{\"@type\":\"WebPage\",\"@id\":\"https:\/\/ajeandalucia.org\/granada\/eventos\/ajetreo\/\",\"url\":\"https:\/\/ajeandalucia.org\/granada\/eventos\/ajetreo\/\",\"name\":\"Ajetreo - AJE Granada\",\"isPartOf\":{\"@id\":\"https:\/\/ajeandalucia.org\/granada\/#website\"},\"primaryImageOfPage\":{\"@id\":\"https:\/\/ajeandalucia.org\/granada\/eventos\/ajetreo\/#primaryimage\"},\"image\":{\"@id\":\"https:\/\/ajeandalucia.org\/granada\/eventos\/ajetreo\/#primaryimage\"},\"thumbnailUrl\":\"https:\/\/ajeandalucia.org\/granada\/wp-content\/uploads\/sites\/7\/2025\/03\/INSTAGRAM-POSTS-2025-1.png\",\"datePublished\":\"2025-03-05T08:53:25+00:00\",\"dateModified\":\"2025-03-13T09:05:17+00:00\",\"breadcrumb\":{\"@id\":\"https:\/\/ajeandalucia.org\/granada\/eventos\/ajetreo\/#breadcrumb\"},\"inLanguage\":\"es\",\"potentialAction\":[{\"@type\":\"ReadAction\",\"target\":[\"https:\/\/ajeandalucia.org\/granada\/eventos\/ajetreo\/\"]}]},{\"@type\":\"ImageObject\",\"inLanguage\":\"es\",\"@id\":\"https:\/\/ajeandalucia.org\/granada\/eventos\/ajetreo\/#primaryimage\",\"url\":\"https:\/\/ajeandalucia.org\/granada\/wp-content\/uploads\/sites\/7\/2025\/03\/INSTAGRAM-POSTS-2025-1.png\",\"contentUrl\":\"https:\/\/ajeandalucia.org\/granada\/wp-content\/uploads\/sites\/7\/2025\/03\/INSTAGRAM-POSTS-2025-1.png\",\"width\":1080,\"height\":1350},{\"@type\":\"BreadcrumbList\",\"@id\":\"https:\/\/ajeandalucia.org\/granada\/eventos\/ajetreo\/#breadcrumb\",\"itemListElement\":[{\"@type\":\"ListItem\",\"position\":1,\"name\":\"Portada\",\"item\":\"https:\/\/ajeandalucia.org\/granada\/\"},{\"@type\":\"ListItem\",\"position\":2,\"name\":\"Eventos\",\"item\":\"https:\/\/ajeandalucia.org\/granada\/eventos\/\"},{\"@type\":\"ListItem\",\"position\":3,\"name\":\"Ajetreo\"}]},{\"@type\":\"WebSite\",\"@id\":\"https:\/\/ajeandalucia.org\/granada\/#website\",\"url\":\"https:\/\/ajeandalucia.org\/granada\/\",\"name\":\"AJE Granada\",\"description\":\"J\u00f3venes Empresarios de Granada\",\"publisher\":{\"@id\":\"https:\/\/ajeandalucia.org\/granada\/#organization\"},\"potentialAction\":[{\"@type\":\"SearchAction\",\"target\":{\"@type\":\"EntryPoint\",\"urlTemplate\":\"https:\/\/ajeandalucia.org\/granada\/?s={search_term_string}\"},\"query-input\":{\"@type\":\"PropertyValueSpecification\",\"valueRequired\":true,\"valueName\":\"search_term_string\"}}],\"inLanguage\":\"es\"},{\"@type\":\"Organization\",\"@id\":\"https:\/\/ajeandalucia.org\/granada\/#organization\",\"name\":\"AJE Granada\",\"url\":\"https:\/\/ajeandalucia.org\/granada\/\",\"logo\":{\"@type\":\"ImageObject\",\"inLanguage\":\"es\",\"@id\":\"https:\/\/ajeandalucia.org\/granada\/#\/schema\/logo\/image\/\",\"url\":\"https:\/\/ajeandalucia.org\/granada\/wp-content\/uploads\/sites\/7\/2025\/02\/AJE-GRANADA-horizontal.png\",\"contentUrl\":\"https:\/\/ajeandalucia.org\/granada\/wp-content\/uploads\/sites\/7\/2025\/02\/AJE-GRANADA-horizontal.png\",\"width\":612,\"height\":200,\"caption\":\"AJE Granada\"},\"image\":{\"@id\":\"https:\/\/ajeandalucia.org\/granada\/#\/schema\/logo\/image\/\"}}]}<\/script>\n<!-- \/ Yoast SEO plugin. -->","yoast_head_json":{"title":"Ajetreo - AJE Granada","robots":{"index":"index","follow":"follow","max-snippet":"max-snippet:-1","max-image-preview":"max-image-preview:large","max-video-preview":"max-video-preview:-1"},"canonical":"https:\/\/ajeandalucia.org\/granada\/eventos\/ajetreo\/","og_locale":"es_ES","og_type":"article","og_title":"Ajetreo - AJE Granada","og_description":"\u00a1Nos vamos de AJEtreo el pr\u00f3ximo jueves 13 de marzo!","og_url":"https:\/\/ajeandalucia.org\/granada\/eventos\/ajetreo\/","og_site_name":"AJE Granada","article_modified_time":"2025-03-13T09:05:17+00:00","og_image":[{"width":1080,"height":1350,"url":"https:\/\/ajeandalucia.org\/granada\/wp-content\/uploads\/sites\/7\/2025\/03\/INSTAGRAM-POSTS-2025-1.png","type":"image\/png"}],"twitter_card":"summary_large_image","twitter_misc":{"Tiempo de lectura":"1 minuto"},"schema":{"@context":"https:\/\/schema.org","@graph":[{"@type":"WebPage","@id":"https:\/\/ajeandalucia.org\/granada\/eventos\/ajetreo\/","url":"https:\/\/ajeandalucia.org\/granada\/eventos\/ajetreo\/","name":"Ajetreo - AJE Granada","isPartOf":{"@id":"https:\/\/ajeandalucia.org\/granada\/#website"},"primaryImageOfPage":{"@id":"https:\/\/ajeandalucia.org\/granada\/eventos\/ajetreo\/#primaryimage"},"image":{"@id":"https:\/\/ajeandalucia.org\/granada\/eventos\/ajetreo\/#primaryimage"},"thumbnailUrl":"https:\/\/ajeandalucia.org\/granada\/wp-content\/uploads\/sites\/7\/2025\/03\/INSTAGRAM-POSTS-2025-1.png","datePublished":"2025-03-05T08:53:25+00:00","dateModified":"2025-03-13T09:05:17+00:00","breadcrumb":{"@id":"https:\/\/ajeandalucia.org\/granada\/eventos\/ajetreo\/#breadcrumb"},"inLanguage":"es","potentialAction":[{"@type":"ReadAction","target":["https:\/\/ajeandalucia.org\/granada\/eventos\/ajetreo\/"]}]},{"@type":"ImageObject","inLanguage":"es","@id":"https:\/\/ajeandalucia.org\/granada\/eventos\/ajetreo\/#primaryimage","url":"https:\/\/ajeandalucia.org\/granada\/wp-content\/uploads\/sites\/7\/2025\/03\/INSTAGRAM-POSTS-2025-1.png","contentUrl":"https:\/\/ajeandalucia.org\/granada\/wp-content\/uploads\/sites\/7\/2025\/03\/INSTAGRAM-POSTS-2025-1.png","width":1080,"height":1350},{"@type":"BreadcrumbList","@id":"https:\/\/ajeandalucia.org\/granada\/eventos\/ajetreo\/#breadcrumb","itemListElement":[{"@type":"ListItem","position":1,"name":"Portada","item":"https:\/\/ajeandalucia.org\/granada\/"},{"@type":"ListItem","position":2,"name":"Eventos","item":"https:\/\/ajeandalucia.org\/granada\/eventos\/"},{"@type":"ListItem","position":3,"name":"Ajetreo"}]},{"@type":"WebSite","@id":"https:\/\/ajeandalucia.org\/granada\/#website","url":"https:\/\/ajeandalucia.org\/granada\/","name":"AJE Granada","description":"J\u00f3venes Empresarios de Granada","publisher":{"@id":"https:\/\/ajeandalucia.org\/granada\/#organization"},"potentialAction":[{"@type":"SearchAction","target":{"@type":"EntryPoint","urlTemplate":"https:\/\/ajeandalucia.org\/granada\/?s={search_term_string}"},"query-input":{"@type":"PropertyValueSpecification","valueRequired":true,"valueName":"search_term_string"}}],"inLanguage":"es"},{"@type":"Organization","@id":"https:\/\/ajeandalucia.org\/granada\/#organization","name":"AJE Granada","url":"https:\/\/ajeandalucia.org\/granada\/","logo":{"@type":"ImageObject","inLanguage":"es","@id":"https:\/\/ajeandalucia.org\/granada\/#\/schema\/logo\/image\/","url":"https:\/\/ajeandalucia.org\/granada\/wp-content\/uploads\/sites\/7\/2025\/02\/AJE-GRANADA-horizontal.png","contentUrl":"https:\/\/ajeandalucia.org\/granada\/wp-content\/uploads\/sites\/7\/2025\/02\/AJE-GRANADA-horizontal.png","width":612,"height":200,"caption":"AJE Granada"},"image":{"@id":"https:\/\/ajeandalucia.org\/granada\/#\/schema\/logo\/image\/"}}]}},"_links":{"self":[{"href":"https:\/\/ajeandalucia.org\/granada\/wp-json\/wp\/v2\/mec-events\/46690","targetHints":{"allow":["GET"]}}],"collection":[{"href":"https:\/\/ajeandalucia.org\/granada\/wp-json\/wp\/v2\/mec-events"}],"about":[{"href":"https:\/\/ajeandalucia.org\/granada\/wp-json\/wp\/v2\/types\/mec-events"}],"author":[{"embeddable":true,"href":"https:\/\/ajeandalucia.org\/granada\/wp-json\/wp\/v2\/users\/6"}],"replies":[{"embeddable":true,"href":"https:\/\/ajeandalucia.org\/granada\/wp-json\/wp\/v2\/comments?post=46690"}],"version-history":[{"count":6,"href":"https:\/\/ajeandalucia.org\/granada\/wp-json\/wp\/v2\/mec-events\/46690\/revisions"}],"predecessor-version":[{"id":46764,"href":"https:\/\/ajeandalucia.org\/granada\/wp-json\/wp\/v2\/mec-events\/46690\/revisions\/46764"}],"wp:featuredmedia":[{"embeddable":true,"href":"https:\/\/ajeandalucia.org\/granada\/wp-json\/wp\/v2\/media\/46691"}],"wp:attachment":[{"href":"https:\/\/ajeandalucia.org\/granada\/wp-json\/wp\/v2\/media?parent=46690"}],"wp:term":[{"taxonomy":"post_tag","embeddable":true,"href":"https:\/\/ajeandalucia.org\/granada\/wp-json\/wp\/v2\/tags?post=46690"},{"taxonomy":"mec_category","embeddable":true,"href":"https:\/\/ajeandalucia.org\/granada\/wp-json\/wp\/v2\/mec_category?post=46690"},{"taxonomy":"mec_speaker","embeddable":true,"href":"https:\/\/ajeandalucia.org\/granada\/wp-json\/wp\/v2\/mec_speaker?post=46690"},{"taxonomy":"mec_sponsor","embeddable":true,"href":"https:\/\/ajeandalucia.org\/granada\/wp-json\/wp\/v2\/mec_sponsor?post=46690"}],"curies":[{"name":"wp","href":"https:\/\/api.w.org\/{rel}","templated":true}]}}

<p data-start="61" data-end="192">¡Nos vamos de <strong data-start="75" data-end="86">AJEtreo</strong> el próximo <strong data-start="98" data-end="120">jueves 13 de marzo</strong> en uno de los bares más emblemáticos del Zaidín: <strong data-start="170" data-end="186">Los Manueles</strong>!</p>
<p data-start="194" data-end="324"><strong data-start="198" data-end="221">Jueves 13 de marzo</strong><br data-start="221" data-end="224" /><strong data-start="227" data-end="237">14:00h</strong><br data-start="237" data-end="240" /><strong data-start="243" data-end="274" data-is-only-node="">Bar Los Manueles del Zaidín C. Torre de la Pólvora, 20, Genil, 18008 Granada</strong><br data-start="274" data-end="277" /><strong data-start="280" data-end="287">9 €</strong> (incluye <strong data-start="297" data-end="321">3 cervezas + 3 tapas</strong>)</p>
<p data-start="194" data-end="324">¡Os esperamos para pasar un buen rato juntos!</p>

<p>¡Nos vamos de AJEtreo el próximo jueves 13 de marzo!</p>

<!-- This site is optimized with the Yoast SEO plugin v26.9 - https://yoast.com/product/yoast-seo-wordpress/ -->
<title>Ajetreo - AJE Granada</title>
<meta name="robots" content="index, follow, max-snippet:-1, max-image-preview:large, max-video-preview:-1" />
<link rel="canonical" href="https://ajeandalucia.org/granada/eventos/ajetreo/" />
<meta property="og:locale" content="es_ES" />
<meta property="og:type" content="article" />
<meta property="og:title" content="Ajetreo - AJE Granada" />
<meta property="og:description" content="¡Nos vamos de AJEtreo el próximo jueves 13 de marzo!" />
<meta property="og:url" content="https://ajeandalucia.org/granada/eventos/ajetreo/" />
<meta property="og:site_name" content="AJE Granada" />
<meta property="article:modified_time" content="2025-03-13T09:05:17+00:00" />
<meta property="og:image" content="https://ajeandalucia.org/granada/wp-content/uploads/sites/7/2025/03/INSTAGRAM-POSTS-2025-1.png" />
	<meta property="og:image:width" content="1080" />
	<meta property="og:image:height" content="1350" />
	<meta property="og:image:type" content="image/png" />
<meta name="twitter:card" content="summary_large_image" />
<meta name="twitter:label1" content="Tiempo de lectura" />
	<meta name="twitter:data1" content="1 minuto" />
<script type="application/ld+json" class="yoast-schema-graph">{"@context":"https://schema.org","@graph":[{"@type":"WebPage","@id":"https://ajeandalucia.org/granada/eventos/ajetreo/","url":"https://ajeandalucia.org/granada/eventos/ajetreo/","name":"Ajetreo - AJE Granada","isPartOf":{"@id":"https://ajeandalucia.org/granada/#website"},"primaryImageOfPage":{"@id":"https://ajeandalucia.org/granada/eventos/ajetreo/#primaryimage"},"image":{"@id":"https://ajeandalucia.org/granada/eventos/ajetreo/#primaryimage"},"thumbnailUrl":"https://ajeandalucia.org/granada/wp-content/uploads/sites/7/2025/03/INSTAGRAM-POSTS-2025-1.png","datePublished":"2025-03-05T08:53:25+00:00","dateModified":"2025-03-13T09:05:17+00:00","breadcrumb":{"@id":"https://ajeandalucia.org/granada/eventos/ajetreo/#breadcrumb"},"inLanguage":"es","potentialAction":[{"@type":"ReadAction","target":["https://ajeandalucia.org/granada/eventos/ajetreo/"]}]},{"@type":"ImageObject","inLanguage":"es","@id":"https://ajeandalucia.org/granada/eventos/ajetreo/#primaryimage","url":"https://ajeandalucia.org/granada/wp-content/uploads/sites/7/2025/03/INSTAGRAM-POSTS-2025-1.png","contentUrl":"https://ajeandalucia.org/granada/wp-content/uploads/sites/7/2025/03/INSTAGRAM-POSTS-2025-1.png","width":1080,"height":1350},{"@type":"BreadcrumbList","@id":"https://ajeandalucia.org/granada/eventos/ajetreo/#breadcrumb","itemListElement":[{"@type":"ListItem","position":1,"name":"Portada","item":"https://ajeandalucia.org/granada/"},{"@type":"ListItem","position":2,"name":"Eventos","item":"https://ajeandalucia.org/granada/eventos/"},{"@type":"ListItem","position":3,"name":"Ajetreo"}]},{"@type":"WebSite","@id":"https://ajeandalucia.org/granada/#website","url":"https://ajeandalucia.org/granada/","name":"AJE Granada","description":"Jóvenes Empresarios de Granada","publisher":{"@id":"https://ajeandalucia.org/granada/#organization"},"potentialAction":[{"@type":"SearchAction","target":{"@type":"EntryPoint","urlTemplate":"https://ajeandalucia.org/granada/?s={search_term_string}"},"query-input":{"@type":"PropertyValueSpecification","valueRequired":true,"valueName":"search_term_string"}}],"inLanguage":"es"},{"@type":"Organization","@id":"https://ajeandalucia.org/granada/#organization","name":"AJE Granada","url":"https://ajeandalucia.org/granada/","logo":{"@type":"ImageObject","inLanguage":"es","@id":"https://ajeandalucia.org/granada/#/schema/logo/image/","url":"https://ajeandalucia.org/granada/wp-content/uploads/sites/7/2025/02/AJE-GRANADA-horizontal.png","contentUrl":"https://ajeandalucia.org/granada/wp-content/uploads/sites/7/2025/02/AJE-GRANADA-horizontal.png","width":612,"height":200,"caption":"AJE Granada"},"image":{"@id":"https://ajeandalucia.org/granada/#/schema/logo/image/"}}]}</script>
<!-- / Yoast SEO plugin. -->

¡Nos vamos de AJEtreo el próximo jueves 13 de marzo!

Jóvenes Empresarios de Granada
