{"id":78,"date":"2016-01-24T18:16:16","date_gmt":"2016-01-24T18:16:16","guid":{"rendered":"http:\/\/www.ajeandalucia.org\/demos3-2\/?page_id=78"},"modified":"2026-04-28T13:45:29","modified_gmt":"2026-04-28T11:45:29","slug":"saludo-del-presidente","status":"publish","type":"page","link":"https:\/\/ajeandalucia.org\/huelva\/saludo-del-presidente\/","title":{"rendered":"Saludo de la presidenta"},"content":{"rendered":"\t\t<div data-elementor-type=\"wp-page\" data-elementor-id=\"78\" class=\"elementor elementor-78\" data-elementor-post-type=\"page\">\n\t\t\t\t<div class=\"elementor-element elementor-element-68081dcc e-flex e-con-boxed e-con e-parent\" data-id=\"68081dcc\" data-element_type=\"container\" data-e-type=\"container\" data-settings=\"{&quot;background_background&quot;:&quot;classic&quot;,&quot;ekit_has_onepagescroll_dot&quot;:&quot;yes&quot;}\">\n\t\t\t\t\t<div class=\"e-con-inner\">\n\t\t\t\t<div class=\"elementor-element elementor-element-d790624 elementor-widget elementor-widget-heading\" data-id=\"d790624\" data-element_type=\"widget\" data-e-type=\"widget\" data-settings=\"{&quot;ekit_we_effect_on&quot;:&quot;none&quot;}\" data-widget_type=\"heading.default\">\n\t\t\t\t<div class=\"elementor-widget-container\">\n\t\t\t\t\t<h2 class=\"elementor-heading-title elementor-size-default\">Cinta Mart\u00ednez Medina<\/h2>\t\t\t\t<\/div>\n\t\t\t\t<\/div>\n\t\t\t\t<div class=\"elementor-element elementor-element-562aa46 elementor-widget__width-auto elementor-widget elementor-widget-heading\" data-id=\"562aa46\" data-element_type=\"widget\" data-e-type=\"widget\" data-settings=\"{&quot;ekit_we_effect_on&quot;:&quot;none&quot;}\" data-widget_type=\"heading.default\">\n\t\t\t\t<div class=\"elementor-widget-container\">\n\t\t\t\t\t<h2 class=\"elementor-heading-title elementor-size-default\">Saludo de la Presidenta<\/h2>\t\t\t\t<\/div>\n\t\t\t\t<\/div>\n\t\t\t\t\t<\/div>\n\t\t\t\t<\/div>\n\t\t<div class=\"elementor-element elementor-element-1ee309e e-flex e-con-boxed e-con e-parent\" data-id=\"1ee309e\" data-element_type=\"container\" data-e-type=\"container\" data-settings=\"{&quot;ekit_has_onepagescroll_dot&quot;:&quot;yes&quot;}\">\n\t\t\t\t\t<div class=\"e-con-inner\">\n\t\t<div class=\"elementor-element elementor-element-38762ba e-con-full e-flex e-con e-child\" data-id=\"38762ba\" data-element_type=\"container\" data-e-type=\"container\" data-settings=\"{&quot;sticky&quot;:&quot;top&quot;,&quot;sticky_on&quot;:[&quot;desktop&quot;,&quot;tablet&quot;],&quot;sticky_offset&quot;:&quot;100&quot;,&quot;sticky_parent&quot;:&quot;yes&quot;,&quot;ekit_has_onepagescroll_dot&quot;:&quot;yes&quot;,&quot;sticky_effects_offset&quot;:0,&quot;sticky_anchor_link_offset&quot;:0}\">\n\t\t\t\t<div class=\"elementor-element elementor-element-b46e649 elementor-widget__width-auto elementor-widget elementor-widget-image\" data-id=\"b46e649\" data-element_type=\"widget\" data-e-type=\"widget\" data-settings=\"{&quot;ekit_we_effect_on&quot;:&quot;none&quot;}\" data-widget_type=\"image.default\">\n\t\t\t\t<div class=\"elementor-widget-container\">\n\t\t\t\t\t\t\t\t\t\t\t\t\t\t\t<img loading=\"lazy\" decoding=\"async\" width=\"800\" height=\"800\" src=\"https:\/\/ajeandalucia.org\/huelva\/wp-content\/uploads\/sites\/8\/2026\/04\/1765129969649.png\" class=\"attachment-large size-large wp-image-4155\" alt=\"\" srcset=\"https:\/\/ajeandalucia.org\/huelva\/wp-content\/uploads\/sites\/8\/2026\/04\/1765129969649.png 800w, https:\/\/ajeandalucia.org\/huelva\/wp-content\/uploads\/sites\/8\/2026\/04\/1765129969649-300x300.png 300w, https:\/\/ajeandalucia.org\/huelva\/wp-content\/uploads\/sites\/8\/2026\/04\/1765129969649-150x150.png 150w, https:\/\/ajeandalucia.org\/huelva\/wp-content\/uploads\/sites\/8\/2026\/04\/1765129969649-768x768.png 768w, https:\/\/ajeandalucia.org\/huelva\/wp-content\/uploads\/sites\/8\/2026\/04\/1765129969649-500x500.png 500w, https:\/\/ajeandalucia.org\/huelva\/wp-content\/uploads\/sites\/8\/2026\/04\/1765129969649-600x600.png 600w, https:\/\/ajeandalucia.org\/huelva\/wp-content\/uploads\/sites\/8\/2026\/04\/1765129969649-100x100.png 100w\" sizes=\"auto, (max-width: 800px) 100vw, 800px\" \/>\t\t\t\t\t\t\t\t\t\t\t\t\t\t\t<\/div>\n\t\t\t\t<\/div>\n\t\t\t\t<\/div>\n\t\t<div class=\"elementor-element elementor-element-3dd02b29 e-con-full e-flex e-con e-child\" data-id=\"3dd02b29\" data-element_type=\"container\" data-e-type=\"container\" data-settings=\"{&quot;ekit_has_onepagescroll_dot&quot;:&quot;yes&quot;}\">\n\t\t\t\t<div class=\"elementor-element elementor-element-4e7d3c27 elementor-blockquote--skin-border elementor-widget elementor-widget-blockquote\" data-id=\"4e7d3c27\" data-element_type=\"widget\" data-e-type=\"widget\" data-settings=\"{&quot;ekit_we_effect_on&quot;:&quot;none&quot;}\" data-widget_type=\"blockquote.default\">\n\t\t\t\t<div class=\"elementor-widget-container\">\n\t\t\t\t\t\t\t<blockquote class=\"elementor-blockquote\">\n\t\t\t<p class=\"elementor-blockquote__content\">\n\t\t\t\tPresidenta de AJE Huelva | <b>Cinta<\/b> <b>Mart\u00ednez<\/b> <b>Medina<\/b>\t\t\t<\/p>\n\t\t\t\t\t<\/blockquote>\n\t\t\t\t\t\t<\/div>\n\t\t\t\t<\/div>\n\t\t\t\t<div class=\"elementor-element elementor-element-2d2af8a9 elementor-widget__width-initial elementor-widget-mobile__width-inherit elementor-invisible elementor-widget elementor-widget-text-editor\" data-id=\"2d2af8a9\" data-element_type=\"widget\" data-e-type=\"widget\" data-settings=\"{&quot;_animation&quot;:&quot;fadeIn&quot;,&quot;ekit_we_effect_on&quot;:&quot;none&quot;}\" data-widget_type=\"text-editor.default\">\n\t\t\t\t<div class=\"elementor-widget-container\">\n\t\t\t\t\t\t\t\t\t<p><strong>Queridos amigos\/as y compa\u00f1eros\/as:<\/strong><\/p><p>Como presidenta de AJE Huelva, es un orgullo daros la bienvenida a este espacio que representa el talento, la iniciativa y la pasi\u00f3n de los j\u00f3venes empresarios de nuestra provincia.<\/p><p>Vivimos en un entorno lleno de oportunidades, donde el esfuerzo, la innovaci\u00f3n y la colaboraci\u00f3n marcan la diferencia. Desde AJE Huelva trabajamos cada d\u00eda para acompa\u00f1ar, impulsar y dar voz a quienes deciden emprender y construir el futuro con sus propias ideas.<\/p><p>Os animo a formar parte de esta gran comunidad, a compartir experiencias y a crecer juntos. Porque el \u00e9xito de cada uno es tambi\u00e9n el avance de todos.<\/p><p><strong style=\"font-style: inherit\">Cinta Mart\u00ednez Medina, <\/strong><span style=\"color: #000000\">Presidenta de AJE Huelva<\/span><\/p><ul><li><span style=\"color: #3366ff\"><a style=\"color: #3366ff\" href=\"https:\/\/lasuitesocial.com\/\" target=\"_blank\" rel=\"noopener\">Fundadora de LaSuiteSocial<\/a><\/span><\/li><li><span style=\"color: #3366ff\"><a style=\"color: #3366ff\" href=\"https:\/\/www.linkedin.com\/in\/cintamartinez\/\" target=\"_blank\" rel=\"noopener\">Conectora y Recomendadora de empresas de Huelva<\/a><\/span><\/li><\/ul>\t\t\t\t\t\t\t\t<\/div>\n\t\t\t\t<\/div>\n\t\t\t\t<\/div>\n\t\t\t\t\t<\/div>\n\t\t\t\t<\/div>\n\t\t\t\t<\/div>\n\t\t","protected":false},"excerpt":{"rendered":"<p>Cinta Mart\u00ednez Medina Saludo de la Presidenta Presidenta de AJE Huelva | Cinta Mart\u00ednez Medina Queridos amigos\/as y compa\u00f1eros\/as: Como [&hellip;]<\/p>\n","protected":false},"author":186,"featured_media":0,"parent":0,"menu_order":0,"comment_status":"closed","ping_status":"closed","template":"elementor_header_footer","meta":{"_acf_changed":false,"site-sidebar-layout":"no-sidebar","site-content-layout":"","ast-site-content-layout":"full-width-container","site-content-style":"unboxed","site-sidebar-style":"unboxed","ast-global-header-display":"","ast-banner-title-visibility":"","ast-main-header-display":"disabled","ast-hfb-above-header-display":"","ast-hfb-below-header-display":"","ast-hfb-mobile-header-display":"disabled","site-post-title":"disabled","ast-breadcrumbs-content":"disabled","ast-featured-img":"disabled","footer-sml-layout":"disabled","ast-disable-related-posts":"","theme-transparent-header-meta":"default","adv-header-id-meta":"","stick-header-meta":"","header-above-stick-meta":"","header-main-stick-meta":"","header-below-stick-meta":"","astra-migrate-meta-layouts":"set","ast-page-background-enabled":"default","ast-page-background-meta":{"desktop":{"background-color":"var(--ast-global-color-5)","background-image":"","background-repeat":"repeat","background-position":"center center","background-size":"auto","background-attachment":"scroll","background-type":"","background-media":"","overlay-type":"","overlay-color":"","overlay-opacity":"","overlay-gradient":""},"tablet":{"background-color":"","background-image":"","background-repeat":"repeat","background-position":"center center","background-size":"auto","background-attachment":"scroll","background-type":"","background-media":"","overlay-type":"","overlay-color":"","overlay-opacity":"","overlay-gradient":""},"mobile":{"background-color":"","background-image":"","background-repeat":"repeat","background-position":"center center","background-size":"auto","background-attachment":"scroll","background-type":"","background-media":"","overlay-type":"","overlay-color":"","overlay-opacity":"","overlay-gradient":""}},"ast-content-background-meta":{"desktop":{"background-color":"var(--ast-global-color-4)","background-image":"","background-repeat":"repeat","background-position":"center center","background-size":"auto","background-attachment":"scroll","background-type":"","background-media":"","overlay-type":"","overlay-color":"","overlay-opacity":"","overlay-gradient":""},"tablet":{"background-color":"var(--ast-global-color-4)","background-image":"","background-repeat":"repeat","background-position":"center center","background-size":"auto","background-attachment":"scroll","background-type":"","background-media":"","overlay-type":"","overlay-color":"","overlay-opacity":"","overlay-gradient":""},"mobile":{"background-color":"var(--ast-global-color-4)","background-image":"","background-repeat":"repeat","background-position":"center center","background-size":"auto","background-attachment":"scroll","background-type":"","background-media":"","overlay-type":"","overlay-color":"","overlay-opacity":"","overlay-gradient":""}},"footnotes":""},"class_list":["post-78","page","type-page","status-publish","hentry"],"acf":[],"yoast_head":"<!-- This site is optimized with the Yoast SEO plugin v26.9 - https:\/\/yoast.com\/product\/yoast-seo-wordpress\/ -->\n<title>Saludo de la presidenta - AJE Huelva<\/title>\n<meta name=\"robots\" content=\"index, follow, max-snippet:-1, max-image-preview:large, max-video-preview:-1\" \/>\n<link rel=\"canonical\" href=\"https:\/\/ajeandalucia.org\/huelva\/saludo-del-presidente\/\" \/>\n<meta property=\"og:locale\" content=\"es_ES\" \/>\n<meta property=\"og:type\" content=\"article\" \/>\n<meta property=\"og:title\" content=\"Saludo de la presidenta - AJE Huelva\" \/>\n<meta property=\"og:description\" content=\"Cinta Mart\u00ednez Medina Saludo de la Presidenta Presidenta de AJE Huelva | Cinta Mart\u00ednez Medina Queridos amigos\/as y compa\u00f1eros\/as: Como [&hellip;]\" \/>\n<meta property=\"og:url\" content=\"https:\/\/ajeandalucia.org\/huelva\/saludo-del-presidente\/\" \/>\n<meta property=\"og:site_name\" content=\"AJE Huelva\" \/>\n<meta property=\"article:modified_time\" content=\"2026-04-28T11:45:29+00:00\" \/>\n<meta property=\"og:image\" content=\"http:\/\/ajeandalucia.org\/huelva\/wp-content\/uploads\/sites\/8\/2026\/04\/1765129969649.png\" \/>\n<meta name=\"twitter:card\" content=\"summary_large_image\" \/>\n<meta name=\"twitter:label1\" content=\"Tiempo de lectura\" \/>\n\t<meta name=\"twitter:data1\" content=\"1 minuto\" \/>\n<script type=\"application\/ld+json\" class=\"yoast-schema-graph\">{\"@context\":\"https:\/\/schema.org\",\"@graph\":[{\"@type\":\"WebPage\",\"@id\":\"https:\/\/ajeandalucia.org\/huelva\/saludo-del-presidente\/\",\"url\":\"https:\/\/ajeandalucia.org\/huelva\/saludo-del-presidente\/\",\"name\":\"Saludo de la presidenta - AJE Huelva\",\"isPartOf\":{\"@id\":\"https:\/\/ajeandalucia.org\/huelva\/#website\"},\"primaryImageOfPage\":{\"@id\":\"https:\/\/ajeandalucia.org\/huelva\/saludo-del-presidente\/#primaryimage\"},\"image\":{\"@id\":\"https:\/\/ajeandalucia.org\/huelva\/saludo-del-presidente\/#primaryimage\"},\"thumbnailUrl\":\"http:\/\/ajeandalucia.org\/huelva\/wp-content\/uploads\/sites\/8\/2026\/04\/1765129969649.png\",\"datePublished\":\"2016-01-24T18:16:16+00:00\",\"dateModified\":\"2026-04-28T11:45:29+00:00\",\"breadcrumb\":{\"@id\":\"https:\/\/ajeandalucia.org\/huelva\/saludo-del-presidente\/#breadcrumb\"},\"inLanguage\":\"es\",\"potentialAction\":[{\"@type\":\"ReadAction\",\"target\":[\"https:\/\/ajeandalucia.org\/huelva\/saludo-del-presidente\/\"]}]},{\"@type\":\"ImageObject\",\"inLanguage\":\"es\",\"@id\":\"https:\/\/ajeandalucia.org\/huelva\/saludo-del-presidente\/#primaryimage\",\"url\":\"https:\/\/ajeandalucia.org\/huelva\/wp-content\/uploads\/sites\/8\/2026\/04\/1765129969649.png\",\"contentUrl\":\"https:\/\/ajeandalucia.org\/huelva\/wp-content\/uploads\/sites\/8\/2026\/04\/1765129969649.png\",\"width\":800,\"height\":800},{\"@type\":\"BreadcrumbList\",\"@id\":\"https:\/\/ajeandalucia.org\/huelva\/saludo-del-presidente\/#breadcrumb\",\"itemListElement\":[{\"@type\":\"ListItem\",\"position\":1,\"name\":\"Portada\",\"item\":\"https:\/\/ajeandalucia.org\/huelva\/\"},{\"@type\":\"ListItem\",\"position\":2,\"name\":\"Saludo de la presidenta\"}]},{\"@type\":\"WebSite\",\"@id\":\"https:\/\/ajeandalucia.org\/huelva\/#website\",\"url\":\"https:\/\/ajeandalucia.org\/huelva\/\",\"name\":\"AJE Huelva\",\"description\":\"Asociaci\u00f3n de J\u00f3venes Empresarios de Huelva\",\"publisher\":{\"@id\":\"https:\/\/ajeandalucia.org\/huelva\/#organization\"},\"potentialAction\":[{\"@type\":\"SearchAction\",\"target\":{\"@type\":\"EntryPoint\",\"urlTemplate\":\"https:\/\/ajeandalucia.org\/huelva\/?s={search_term_string}\"},\"query-input\":{\"@type\":\"PropertyValueSpecification\",\"valueRequired\":true,\"valueName\":\"search_term_string\"}}],\"inLanguage\":\"es\"},{\"@type\":\"Organization\",\"@id\":\"https:\/\/ajeandalucia.org\/huelva\/#organization\",\"name\":\"AJE Huelva\",\"url\":\"https:\/\/ajeandalucia.org\/huelva\/\",\"logo\":{\"@type\":\"ImageObject\",\"inLanguage\":\"es\",\"@id\":\"https:\/\/ajeandalucia.org\/huelva\/#\/schema\/logo\/image\/\",\"url\":\"https:\/\/ajeandalucia.org\/huelva\/wp-content\/uploads\/sites\/8\/2025\/02\/AJE-HUELVA-horizontal.png\",\"contentUrl\":\"https:\/\/ajeandalucia.org\/huelva\/wp-content\/uploads\/sites\/8\/2025\/02\/AJE-HUELVA-horizontal.png\",\"width\":612,\"height\":200,\"caption\":\"AJE Huelva\"},\"image\":{\"@id\":\"https:\/\/ajeandalucia.org\/huelva\/#\/schema\/logo\/image\/\"}}]}<\/script>\n<!-- \/ Yoast SEO plugin. -->","yoast_head_json":{"title":"Saludo de la presidenta - AJE Huelva","robots":{"index":"index","follow":"follow","max-snippet":"max-snippet:-1","max-image-preview":"max-image-preview:large","max-video-preview":"max-video-preview:-1"},"canonical":"https:\/\/ajeandalucia.org\/huelva\/saludo-del-presidente\/","og_locale":"es_ES","og_type":"article","og_title":"Saludo de la presidenta - AJE Huelva","og_description":"Cinta Mart\u00ednez Medina Saludo de la Presidenta Presidenta de AJE Huelva | Cinta Mart\u00ednez Medina Queridos amigos\/as y compa\u00f1eros\/as: Como [&hellip;]","og_url":"https:\/\/ajeandalucia.org\/huelva\/saludo-del-presidente\/","og_site_name":"AJE Huelva","article_modified_time":"2026-04-28T11:45:29+00:00","og_image":[{"url":"http:\/\/ajeandalucia.org\/huelva\/wp-content\/uploads\/sites\/8\/2026\/04\/1765129969649.png","type":"","width":"","height":""}],"twitter_card":"summary_large_image","twitter_misc":{"Tiempo de lectura":"1 minuto"},"schema":{"@context":"https:\/\/schema.org","@graph":[{"@type":"WebPage","@id":"https:\/\/ajeandalucia.org\/huelva\/saludo-del-presidente\/","url":"https:\/\/ajeandalucia.org\/huelva\/saludo-del-presidente\/","name":"Saludo de la presidenta - AJE Huelva","isPartOf":{"@id":"https:\/\/ajeandalucia.org\/huelva\/#website"},"primaryImageOfPage":{"@id":"https:\/\/ajeandalucia.org\/huelva\/saludo-del-presidente\/#primaryimage"},"image":{"@id":"https:\/\/ajeandalucia.org\/huelva\/saludo-del-presidente\/#primaryimage"},"thumbnailUrl":"http:\/\/ajeandalucia.org\/huelva\/wp-content\/uploads\/sites\/8\/2026\/04\/1765129969649.png","datePublished":"2016-01-24T18:16:16+00:00","dateModified":"2026-04-28T11:45:29+00:00","breadcrumb":{"@id":"https:\/\/ajeandalucia.org\/huelva\/saludo-del-presidente\/#breadcrumb"},"inLanguage":"es","potentialAction":[{"@type":"ReadAction","target":["https:\/\/ajeandalucia.org\/huelva\/saludo-del-presidente\/"]}]},{"@type":"ImageObject","inLanguage":"es","@id":"https:\/\/ajeandalucia.org\/huelva\/saludo-del-presidente\/#primaryimage","url":"https:\/\/ajeandalucia.org\/huelva\/wp-content\/uploads\/sites\/8\/2026\/04\/1765129969649.png","contentUrl":"https:\/\/ajeandalucia.org\/huelva\/wp-content\/uploads\/sites\/8\/2026\/04\/1765129969649.png","width":800,"height":800},{"@type":"BreadcrumbList","@id":"https:\/\/ajeandalucia.org\/huelva\/saludo-del-presidente\/#breadcrumb","itemListElement":[{"@type":"ListItem","position":1,"name":"Portada","item":"https:\/\/ajeandalucia.org\/huelva\/"},{"@type":"ListItem","position":2,"name":"Saludo de la presidenta"}]},{"@type":"WebSite","@id":"https:\/\/ajeandalucia.org\/huelva\/#website","url":"https:\/\/ajeandalucia.org\/huelva\/","name":"AJE Huelva","description":"Asociaci\u00f3n de J\u00f3venes Empresarios de Huelva","publisher":{"@id":"https:\/\/ajeandalucia.org\/huelva\/#organization"},"potentialAction":[{"@type":"SearchAction","target":{"@type":"EntryPoint","urlTemplate":"https:\/\/ajeandalucia.org\/huelva\/?s={search_term_string}"},"query-input":{"@type":"PropertyValueSpecification","valueRequired":true,"valueName":"search_term_string"}}],"inLanguage":"es"},{"@type":"Organization","@id":"https:\/\/ajeandalucia.org\/huelva\/#organization","name":"AJE Huelva","url":"https:\/\/ajeandalucia.org\/huelva\/","logo":{"@type":"ImageObject","inLanguage":"es","@id":"https:\/\/ajeandalucia.org\/huelva\/#\/schema\/logo\/image\/","url":"https:\/\/ajeandalucia.org\/huelva\/wp-content\/uploads\/sites\/8\/2025\/02\/AJE-HUELVA-horizontal.png","contentUrl":"https:\/\/ajeandalucia.org\/huelva\/wp-content\/uploads\/sites\/8\/2025\/02\/AJE-HUELVA-horizontal.png","width":612,"height":200,"caption":"AJE Huelva"},"image":{"@id":"https:\/\/ajeandalucia.org\/huelva\/#\/schema\/logo\/image\/"}}]}},"_links":{"self":[{"href":"https:\/\/ajeandalucia.org\/huelva\/wp-json\/wp\/v2\/pages\/78","targetHints":{"allow":["GET"]}}],"collection":[{"href":"https:\/\/ajeandalucia.org\/huelva\/wp-json\/wp\/v2\/pages"}],"about":[{"href":"https:\/\/ajeandalucia.org\/huelva\/wp-json\/wp\/v2\/types\/page"}],"author":[{"embeddable":true,"href":"https:\/\/ajeandalucia.org\/huelva\/wp-json\/wp\/v2\/users\/186"}],"replies":[{"embeddable":true,"href":"https:\/\/ajeandalucia.org\/huelva\/wp-json\/wp\/v2\/comments?post=78"}],"version-history":[{"count":57,"href":"https:\/\/ajeandalucia.org\/huelva\/wp-json\/wp\/v2\/pages\/78\/revisions"}],"predecessor-version":[{"id":4181,"href":"https:\/\/ajeandalucia.org\/huelva\/wp-json\/wp\/v2\/pages\/78\/revisions\/4181"}],"wp:attachment":[{"href":"https:\/\/ajeandalucia.org\/huelva\/wp-json\/wp\/v2\/media?parent=78"}],"curies":[{"name":"wp","href":"https:\/\/api.w.org\/{rel}","templated":true}]}}