{"id":12443,"date":"2025-03-11T12:44:58","date_gmt":"2025-03-11T11:44:58","guid":{"rendered":"https:\/\/ajeandalucia.org\/jaen\/?post_type=asociado&#038;p=12443"},"modified":"2026-02-05T13:11:27","modified_gmt":"2026-02-05T12:11:27","slug":"alfareria-tito","status":"publish","type":"asociado","link":"https:\/\/ajeandalucia.org\/jaen\/asociado\/alfareria-tito\/","title":{"rendered":"Alfarer\u00eda TITO"},"content":{"rendered":"<p>Desde Alfarer\u00eda Tito, firma creada en 1965 por Juan Mart\u00ednez Villaca\u00f1as (Tito), intentan crear objetos que transmitan la sabidur\u00eda milenaria de la cer\u00e1mica. Intentan tambi\u00e9n defender la vigencia de su oficio en la sociedad del siglo XXI. Conservan lo bueno de la tradici\u00f3n alfarera ib\u00e9rica desde una actitud abierta, contempor\u00e1nea, comprometida con el presente y con el futuro. Su trabajo est\u00e1 avalado por nuestros clientes de todo el planeta y por los Premios Nacionales de Artesan\u00eda 2006 y 2012.<\/p>\n","protected":false},"featured_media":12790,"parent":0,"template":"","meta":{"_acf_changed":false,"site-sidebar-layout":"default","site-content-layout":"","ast-site-content-layout":"default","site-content-style":"default","site-sidebar-style":"default","ast-global-header-display":"","ast-banner-title-visibility":"","ast-main-header-display":"","ast-hfb-above-header-display":"","ast-hfb-below-header-display":"","ast-hfb-mobile-header-display":"","site-post-title":"","ast-breadcrumbs-content":"","ast-featured-img":"","footer-sml-layout":"","ast-disable-related-posts":"","theme-transparent-header-meta":"default","adv-header-id-meta":"","stick-header-meta":"","header-above-stick-meta":"","header-main-stick-meta":"","header-below-stick-meta":"","astra-migrate-meta-layouts":"set","ast-page-background-enabled":"default","ast-page-background-meta":{"desktop":{"background-color":"var(--ast-global-color-5)","background-image":"","background-repeat":"repeat","background-position":"center center","background-size":"auto","background-attachment":"scroll","background-type":"","background-media":"","overlay-type":"","overlay-color":"","overlay-opacity":"","overlay-gradient":""},"tablet":{"background-color":"","background-image":"","background-repeat":"repeat","background-position":"center center","background-size":"auto","background-attachment":"scroll","background-type":"","background-media":"","overlay-type":"","overlay-color":"","overlay-opacity":"","overlay-gradient":""},"mobile":{"background-color":"","background-image":"","background-repeat":"repeat","background-position":"center center","background-size":"auto","background-attachment":"scroll","background-type":"","background-media":"","overlay-type":"","overlay-color":"","overlay-opacity":"","overlay-gradient":""}},"ast-content-background-meta":{"desktop":{"background-color":"var(--ast-global-color-4)","background-image":"","background-repeat":"repeat","background-position":"center center","background-size":"auto","background-attachment":"scroll","background-type":"","background-media":"","overlay-type":"","overlay-color":"","overlay-opacity":"","overlay-gradient":""},"tablet":{"background-color":"var(--ast-global-color-4)","background-image":"","background-repeat":"repeat","background-position":"center center","background-size":"auto","background-attachment":"scroll","background-type":"","background-media":"","overlay-type":"","overlay-color":"","overlay-opacity":"","overlay-gradient":""},"mobile":{"background-color":"var(--ast-global-color-4)","background-image":"","background-repeat":"repeat","background-position":"center center","background-size":"auto","background-attachment":"scroll","background-type":"","background-media":"","overlay-type":"","overlay-color":"","overlay-opacity":"","overlay-gradient":""}}},"categoria-asociado":[444],"class_list":["post-12443","asociado","type-asociado","status-publish","has-post-thumbnail","hentry","categoria-asociado-artesania"],"acf":[],"yoast_head":"<!-- This site is optimized with the Yoast SEO plugin v26.9 - https:\/\/yoast.com\/product\/yoast-seo-wordpress\/ -->\n<title>Alfarer\u00eda TITO - AJE Ja\u00e9n<\/title>\n<meta name=\"description\" content=\"En Alfarer\u00eda Tito crean cer\u00e1mica que transmite la sabidur\u00eda milenaria y han sido galardonados con Premios Nacionales de Artesan\u00eda.\" \/>\n<meta name=\"robots\" content=\"index, follow, max-snippet:-1, max-image-preview:large, max-video-preview:-1\" \/>\n<link rel=\"canonical\" href=\"https:\/\/ajeandalucia.org\/jaen\/asociado\/alfareria-tito\/\" \/>\n<meta property=\"og:locale\" content=\"es_ES\" \/>\n<meta property=\"og:type\" content=\"article\" \/>\n<meta property=\"og:title\" content=\"Alfarer\u00eda TITO - AJE Ja\u00e9n\" \/>\n<meta property=\"og:description\" content=\"En Alfarer\u00eda Tito crean cer\u00e1mica que transmite la sabidur\u00eda milenaria y han sido galardonados con Premios Nacionales de Artesan\u00eda.\" \/>\n<meta property=\"og:url\" content=\"https:\/\/ajeandalucia.org\/jaen\/asociado\/alfareria-tito\/\" \/>\n<meta property=\"og:site_name\" content=\"AJE Ja\u00e9n\" \/>\n<meta property=\"article:modified_time\" content=\"2026-02-05T12:11:27+00:00\" \/>\n<meta property=\"og:image\" content=\"http:\/\/ajeandalucia.org\/jaen\/wp-content\/uploads\/sites\/9\/2025\/03\/static1.squarespace.com_-318x250-2.jpg\" \/>\n\t<meta property=\"og:image:width\" content=\"318\" \/>\n\t<meta property=\"og:image:height\" content=\"250\" \/>\n\t<meta property=\"og:image:type\" content=\"image\/jpeg\" \/>\n<meta name=\"twitter:card\" content=\"summary_large_image\" \/>\n<meta name=\"twitter:label1\" content=\"Tiempo de lectura\" \/>\n\t<meta name=\"twitter:data1\" content=\"1 minuto\" \/>\n<script type=\"application\/ld+json\" class=\"yoast-schema-graph\">{\"@context\":\"https:\/\/schema.org\",\"@graph\":[{\"@type\":\"WebPage\",\"@id\":\"https:\/\/ajeandalucia.org\/jaen\/asociado\/alfareria-tito\/\",\"url\":\"https:\/\/ajeandalucia.org\/jaen\/asociado\/alfareria-tito\/\",\"name\":\"Alfarer\u00eda TITO - AJE Ja\u00e9n\",\"isPartOf\":{\"@id\":\"https:\/\/ajeandalucia.org\/jaen\/#website\"},\"primaryImageOfPage\":{\"@id\":\"https:\/\/ajeandalucia.org\/jaen\/asociado\/alfareria-tito\/#primaryimage\"},\"image\":{\"@id\":\"https:\/\/ajeandalucia.org\/jaen\/asociado\/alfareria-tito\/#primaryimage\"},\"thumbnailUrl\":\"https:\/\/ajeandalucia.org\/jaen\/wp-content\/uploads\/sites\/9\/2025\/03\/static1.squarespace.com_-318x250-2.jpg\",\"datePublished\":\"2025-03-11T11:44:58+00:00\",\"dateModified\":\"2026-02-05T12:11:27+00:00\",\"description\":\"En Alfarer\u00eda Tito crean cer\u00e1mica que transmite la sabidur\u00eda milenaria y han sido galardonados con Premios Nacionales de Artesan\u00eda.\",\"breadcrumb\":{\"@id\":\"https:\/\/ajeandalucia.org\/jaen\/asociado\/alfareria-tito\/#breadcrumb\"},\"inLanguage\":\"es\",\"potentialAction\":[{\"@type\":\"ReadAction\",\"target\":[\"https:\/\/ajeandalucia.org\/jaen\/asociado\/alfareria-tito\/\"]}]},{\"@type\":\"ImageObject\",\"inLanguage\":\"es\",\"@id\":\"https:\/\/ajeandalucia.org\/jaen\/asociado\/alfareria-tito\/#primaryimage\",\"url\":\"https:\/\/ajeandalucia.org\/jaen\/wp-content\/uploads\/sites\/9\/2025\/03\/static1.squarespace.com_-318x250-2.jpg\",\"contentUrl\":\"https:\/\/ajeandalucia.org\/jaen\/wp-content\/uploads\/sites\/9\/2025\/03\/static1.squarespace.com_-318x250-2.jpg\",\"width\":318,\"height\":250},{\"@type\":\"BreadcrumbList\",\"@id\":\"https:\/\/ajeandalucia.org\/jaen\/asociado\/alfareria-tito\/#breadcrumb\",\"itemListElement\":[{\"@type\":\"ListItem\",\"position\":1,\"name\":\"Portada\",\"item\":\"https:\/\/ajeandalucia.org\/jaen\/\"},{\"@type\":\"ListItem\",\"position\":2,\"name\":\"Alfarer\u00eda TITO\"}]},{\"@type\":\"WebSite\",\"@id\":\"https:\/\/ajeandalucia.org\/jaen\/#website\",\"url\":\"https:\/\/ajeandalucia.org\/jaen\/\",\"name\":\"AJE Ja\u00e9n\",\"description\":\"Otro sitio m\u00e1s de AJE Andaluc\u00eda\",\"publisher\":{\"@id\":\"https:\/\/ajeandalucia.org\/jaen\/#organization\"},\"potentialAction\":[{\"@type\":\"SearchAction\",\"target\":{\"@type\":\"EntryPoint\",\"urlTemplate\":\"https:\/\/ajeandalucia.org\/jaen\/?s={search_term_string}\"},\"query-input\":{\"@type\":\"PropertyValueSpecification\",\"valueRequired\":true,\"valueName\":\"search_term_string\"}}],\"inLanguage\":\"es\"},{\"@type\":\"Organization\",\"@id\":\"https:\/\/ajeandalucia.org\/jaen\/#organization\",\"name\":\"AJE Ja\u00e9n\",\"url\":\"https:\/\/ajeandalucia.org\/jaen\/\",\"logo\":{\"@type\":\"ImageObject\",\"inLanguage\":\"es\",\"@id\":\"https:\/\/ajeandalucia.org\/jaen\/#\/schema\/logo\/image\/\",\"url\":\"https:\/\/ajeandalucia.org\/jaen\/wp-content\/uploads\/sites\/9\/2025\/01\/logotipo-aje-andalucia-jovenes-empresarios-1.png\",\"contentUrl\":\"https:\/\/ajeandalucia.org\/jaen\/wp-content\/uploads\/sites\/9\/2025\/01\/logotipo-aje-andalucia-jovenes-empresarios-1.png\",\"width\":1129,\"height\":207,\"caption\":\"AJE Ja\u00e9n\"},\"image\":{\"@id\":\"https:\/\/ajeandalucia.org\/jaen\/#\/schema\/logo\/image\/\"}}]}<\/script>\n<!-- \/ Yoast SEO plugin. -->","yoast_head_json":{"title":"Alfarer\u00eda TITO - AJE Ja\u00e9n","description":"En Alfarer\u00eda Tito crean cer\u00e1mica que transmite la sabidur\u00eda milenaria y han sido galardonados con Premios Nacionales de Artesan\u00eda.","robots":{"index":"index","follow":"follow","max-snippet":"max-snippet:-1","max-image-preview":"max-image-preview:large","max-video-preview":"max-video-preview:-1"},"canonical":"https:\/\/ajeandalucia.org\/jaen\/asociado\/alfareria-tito\/","og_locale":"es_ES","og_type":"article","og_title":"Alfarer\u00eda TITO - AJE Ja\u00e9n","og_description":"En Alfarer\u00eda Tito crean cer\u00e1mica que transmite la sabidur\u00eda milenaria y han sido galardonados con Premios Nacionales de Artesan\u00eda.","og_url":"https:\/\/ajeandalucia.org\/jaen\/asociado\/alfareria-tito\/","og_site_name":"AJE Ja\u00e9n","article_modified_time":"2026-02-05T12:11:27+00:00","og_image":[{"width":318,"height":250,"url":"http:\/\/ajeandalucia.org\/jaen\/wp-content\/uploads\/sites\/9\/2025\/03\/static1.squarespace.com_-318x250-2.jpg","type":"image\/jpeg"}],"twitter_card":"summary_large_image","twitter_misc":{"Tiempo de lectura":"1 minuto"},"schema":{"@context":"https:\/\/schema.org","@graph":[{"@type":"WebPage","@id":"https:\/\/ajeandalucia.org\/jaen\/asociado\/alfareria-tito\/","url":"https:\/\/ajeandalucia.org\/jaen\/asociado\/alfareria-tito\/","name":"Alfarer\u00eda TITO - AJE Ja\u00e9n","isPartOf":{"@id":"https:\/\/ajeandalucia.org\/jaen\/#website"},"primaryImageOfPage":{"@id":"https:\/\/ajeandalucia.org\/jaen\/asociado\/alfareria-tito\/#primaryimage"},"image":{"@id":"https:\/\/ajeandalucia.org\/jaen\/asociado\/alfareria-tito\/#primaryimage"},"thumbnailUrl":"https:\/\/ajeandalucia.org\/jaen\/wp-content\/uploads\/sites\/9\/2025\/03\/static1.squarespace.com_-318x250-2.jpg","datePublished":"2025-03-11T11:44:58+00:00","dateModified":"2026-02-05T12:11:27+00:00","description":"En Alfarer\u00eda Tito crean cer\u00e1mica que transmite la sabidur\u00eda milenaria y han sido galardonados con Premios Nacionales de Artesan\u00eda.","breadcrumb":{"@id":"https:\/\/ajeandalucia.org\/jaen\/asociado\/alfareria-tito\/#breadcrumb"},"inLanguage":"es","potentialAction":[{"@type":"ReadAction","target":["https:\/\/ajeandalucia.org\/jaen\/asociado\/alfareria-tito\/"]}]},{"@type":"ImageObject","inLanguage":"es","@id":"https:\/\/ajeandalucia.org\/jaen\/asociado\/alfareria-tito\/#primaryimage","url":"https:\/\/ajeandalucia.org\/jaen\/wp-content\/uploads\/sites\/9\/2025\/03\/static1.squarespace.com_-318x250-2.jpg","contentUrl":"https:\/\/ajeandalucia.org\/jaen\/wp-content\/uploads\/sites\/9\/2025\/03\/static1.squarespace.com_-318x250-2.jpg","width":318,"height":250},{"@type":"BreadcrumbList","@id":"https:\/\/ajeandalucia.org\/jaen\/asociado\/alfareria-tito\/#breadcrumb","itemListElement":[{"@type":"ListItem","position":1,"name":"Portada","item":"https:\/\/ajeandalucia.org\/jaen\/"},{"@type":"ListItem","position":2,"name":"Alfarer\u00eda TITO"}]},{"@type":"WebSite","@id":"https:\/\/ajeandalucia.org\/jaen\/#website","url":"https:\/\/ajeandalucia.org\/jaen\/","name":"AJE Ja\u00e9n","description":"Otro sitio m\u00e1s de AJE Andaluc\u00eda","publisher":{"@id":"https:\/\/ajeandalucia.org\/jaen\/#organization"},"potentialAction":[{"@type":"SearchAction","target":{"@type":"EntryPoint","urlTemplate":"https:\/\/ajeandalucia.org\/jaen\/?s={search_term_string}"},"query-input":{"@type":"PropertyValueSpecification","valueRequired":true,"valueName":"search_term_string"}}],"inLanguage":"es"},{"@type":"Organization","@id":"https:\/\/ajeandalucia.org\/jaen\/#organization","name":"AJE Ja\u00e9n","url":"https:\/\/ajeandalucia.org\/jaen\/","logo":{"@type":"ImageObject","inLanguage":"es","@id":"https:\/\/ajeandalucia.org\/jaen\/#\/schema\/logo\/image\/","url":"https:\/\/ajeandalucia.org\/jaen\/wp-content\/uploads\/sites\/9\/2025\/01\/logotipo-aje-andalucia-jovenes-empresarios-1.png","contentUrl":"https:\/\/ajeandalucia.org\/jaen\/wp-content\/uploads\/sites\/9\/2025\/01\/logotipo-aje-andalucia-jovenes-empresarios-1.png","width":1129,"height":207,"caption":"AJE Ja\u00e9n"},"image":{"@id":"https:\/\/ajeandalucia.org\/jaen\/#\/schema\/logo\/image\/"}}]}},"_links":{"self":[{"href":"https:\/\/ajeandalucia.org\/jaen\/wp-json\/wp\/v2\/asociado\/12443","targetHints":{"allow":["GET"]}}],"collection":[{"href":"https:\/\/ajeandalucia.org\/jaen\/wp-json\/wp\/v2\/asociado"}],"about":[{"href":"https:\/\/ajeandalucia.org\/jaen\/wp-json\/wp\/v2\/types\/asociado"}],"wp:featuredmedia":[{"embeddable":true,"href":"https:\/\/ajeandalucia.org\/jaen\/wp-json\/wp\/v2\/media\/12790"}],"wp:attachment":[{"href":"https:\/\/ajeandalucia.org\/jaen\/wp-json\/wp\/v2\/media?parent=12443"}],"wp:term":[{"taxonomy":"categoria-asociado","embeddable":true,"href":"https:\/\/ajeandalucia.org\/jaen\/wp-json\/wp\/v2\/categoria-asociado?post=12443"}],"curies":[{"name":"wp","href":"https:\/\/api.w.org\/{rel}","templated":true}]}}

Alfarería TITO

<p>Desde Alfarería Tito, firma creada en 1965 por Juan Martínez Villacañas (Tito), intentan crear objetos que transmitan la sabiduría milenaria de la cerámica. Intentan también defender la vigencia de su oficio en la sociedad del siglo XXI. Conservan lo bueno de la tradición alfarera ibérica desde una actitud abierta, contemporánea, comprometida con el presente y con el futuro. Su trabajo está avalado por nuestros clientes de todo el planeta y por los Premios Nacionales de Artesanía 2006 y 2012.</p>

<!-- This site is optimized with the Yoast SEO plugin v26.9 - https://yoast.com/product/yoast-seo-wordpress/ -->
<title>Alfarería TITO - AJE Jaén</title>
<meta name="description" content="En Alfarería Tito crean cerámica que transmite la sabiduría milenaria y han sido galardonados con Premios Nacionales de Artesanía." />
<meta name="robots" content="index, follow, max-snippet:-1, max-image-preview:large, max-video-preview:-1" />
<link rel="canonical" href="https://ajeandalucia.org/jaen/asociado/alfareria-tito/" />
<meta property="og:locale" content="es_ES" />
<meta property="og:type" content="article" />
<meta property="og:title" content="Alfarería TITO - AJE Jaén" />
<meta property="og:description" content="En Alfarería Tito crean cerámica que transmite la sabiduría milenaria y han sido galardonados con Premios Nacionales de Artesanía." />
<meta property="og:url" content="https://ajeandalucia.org/jaen/asociado/alfareria-tito/" />
<meta property="og:site_name" content="AJE Jaén" />
<meta property="article:modified_time" content="2026-02-05T12:11:27+00:00" />
<meta property="og:image" content="http://ajeandalucia.org/jaen/wp-content/uploads/sites/9/2025/03/static1.squarespace.com_-318x250-2.jpg" />
	<meta property="og:image:width" content="318" />
	<meta property="og:image:height" content="250" />
	<meta property="og:image:type" content="image/jpeg" />
<meta name="twitter:card" content="summary_large_image" />
<meta name="twitter:label1" content="Tiempo de lectura" />
	<meta name="twitter:data1" content="1 minuto" />
<script type="application/ld+json" class="yoast-schema-graph">{"@context":"https://schema.org","@graph":[{"@type":"WebPage","@id":"https://ajeandalucia.org/jaen/asociado/alfareria-tito/","url":"https://ajeandalucia.org/jaen/asociado/alfareria-tito/","name":"Alfarería TITO - AJE Jaén","isPartOf":{"@id":"https://ajeandalucia.org/jaen/#website"},"primaryImageOfPage":{"@id":"https://ajeandalucia.org/jaen/asociado/alfareria-tito/#primaryimage"},"image":{"@id":"https://ajeandalucia.org/jaen/asociado/alfareria-tito/#primaryimage"},"thumbnailUrl":"https://ajeandalucia.org/jaen/wp-content/uploads/sites/9/2025/03/static1.squarespace.com_-318x250-2.jpg","datePublished":"2025-03-11T11:44:58+00:00","dateModified":"2026-02-05T12:11:27+00:00","description":"En Alfarería Tito crean cerámica que transmite la sabiduría milenaria y han sido galardonados con Premios Nacionales de Artesanía.","breadcrumb":{"@id":"https://ajeandalucia.org/jaen/asociado/alfareria-tito/#breadcrumb"},"inLanguage":"es","potentialAction":[{"@type":"ReadAction","target":["https://ajeandalucia.org/jaen/asociado/alfareria-tito/"]}]},{"@type":"ImageObject","inLanguage":"es","@id":"https://ajeandalucia.org/jaen/asociado/alfareria-tito/#primaryimage","url":"https://ajeandalucia.org/jaen/wp-content/uploads/sites/9/2025/03/static1.squarespace.com_-318x250-2.jpg","contentUrl":"https://ajeandalucia.org/jaen/wp-content/uploads/sites/9/2025/03/static1.squarespace.com_-318x250-2.jpg","width":318,"height":250},{"@type":"BreadcrumbList","@id":"https://ajeandalucia.org/jaen/asociado/alfareria-tito/#breadcrumb","itemListElement":[{"@type":"ListItem","position":1,"name":"Portada","item":"https://ajeandalucia.org/jaen/"},{"@type":"ListItem","position":2,"name":"Alfarería TITO"}]},{"@type":"WebSite","@id":"https://ajeandalucia.org/jaen/#website","url":"https://ajeandalucia.org/jaen/","name":"AJE Jaén","description":"Otro sitio más de AJE Andalucía","publisher":{"@id":"https://ajeandalucia.org/jaen/#organization"},"potentialAction":[{"@type":"SearchAction","target":{"@type":"EntryPoint","urlTemplate":"https://ajeandalucia.org/jaen/?s={search_term_string}"},"query-input":{"@type":"PropertyValueSpecification","valueRequired":true,"valueName":"search_term_string"}}],"inLanguage":"es"},{"@type":"Organization","@id":"https://ajeandalucia.org/jaen/#organization","name":"AJE Jaén","url":"https://ajeandalucia.org/jaen/","logo":{"@type":"ImageObject","inLanguage":"es","@id":"https://ajeandalucia.org/jaen/#/schema/logo/image/","url":"https://ajeandalucia.org/jaen/wp-content/uploads/sites/9/2025/01/logotipo-aje-andalucia-jovenes-empresarios-1.png","contentUrl":"https://ajeandalucia.org/jaen/wp-content/uploads/sites/9/2025/01/logotipo-aje-andalucia-jovenes-empresarios-1.png","width":1129,"height":207,"caption":"AJE Jaén"},"image":{"@id":"https://ajeandalucia.org/jaen/#/schema/logo/image/"}}]}</script>
<!-- / Yoast SEO plugin. -->

Alfarería TITO - AJE Jaén

En Alfarería Tito crean cerámica que transmite la sabiduría milenaria y han sido galardonados con Premios Nacionales de Artesanía.

AJE Jaén

Otro sitio más de AJE Andalucía
