{"id":11498,"date":"2025-01-29T18:32:19","date_gmt":"2025-01-29T17:32:19","guid":{"rendered":"https:\/\/v2.ajeandalucia.org\/sevilla\/?post_type=integrante_comite&#038;p=11498"},"modified":"2026-02-27T18:44:50","modified_gmt":"2026-02-27T17:44:50","slug":"alberto-munoz","status":"publish","type":"integrante_comite","link":"https:\/\/ajeandalucia.org\/sevilla\/integrante_comite\/alberto-munoz\/","title":{"rendered":"Alberto Mu\u00f1oz"},"content":{"rendered":"<p>Alberto Manuel Mu\u00f1oz Cantos\u00a0es asesor jur\u00eddico-tributario, CEO de\u00a0MC&amp;A Asesores, despacho fundado en 1989. Experto en\u00a0fiscalidad internacional, de startups y grupos de empresas, posee una trayectoria s\u00f3lida apoyando a empresas y emprendedores.<\/p>\n<p>Lidera estrategias fiscales complejas y brinda\u00a0asesoramiento pr\u00e1ctico en planificaci\u00f3n fiscal y optimizaci\u00f3n de operaciones de grupos fiscales.<\/p>\n<p>Adem\u00e1s, participa activamente en el tejido empresarial andaluz como miembro del comit\u00e9 ejecutivo de\u00a0AJE Andaluc\u00eda, impulsando el crecimiento y la innovaci\u00f3n empresarial. Su enfoque combina rigor t\u00e9cnico, visi\u00f3n estrat\u00e9gica y compromiso con el desarrollo econ\u00f3mico.<\/p>\n","protected":false},"featured_media":12027,"parent":0,"template":"","meta":{"_acf_changed":false,"site-sidebar-layout":"default","site-content-layout":"","ast-site-content-layout":"default","site-content-style":"default","site-sidebar-style":"default","ast-global-header-display":"","ast-banner-title-visibility":"","ast-main-header-display":"","ast-hfb-above-header-display":"","ast-hfb-below-header-display":"","ast-hfb-mobile-header-display":"","site-post-title":"","ast-breadcrumbs-content":"","ast-featured-img":"","footer-sml-layout":"","ast-disable-related-posts":"","theme-transparent-header-meta":"default","adv-header-id-meta":"","stick-header-meta":"","header-above-stick-meta":"","header-main-stick-meta":"","header-below-stick-meta":"","astra-migrate-meta-layouts":"set","ast-page-background-enabled":"default","ast-page-background-meta":{"desktop":{"background-color":"var(--ast-global-color-5)","background-image":"","background-repeat":"repeat","background-position":"center center","background-size":"auto","background-attachment":"scroll","background-type":"","background-media":"","overlay-type":"","overlay-color":"","overlay-opacity":"","overlay-gradient":""},"tablet":{"background-color":"","background-image":"","background-repeat":"repeat","background-position":"center center","background-size":"auto","background-attachment":"scroll","background-type":"","background-media":"","overlay-type":"","overlay-color":"","overlay-opacity":"","overlay-gradient":""},"mobile":{"background-color":"","background-image":"","background-repeat":"repeat","background-position":"center center","background-size":"auto","background-attachment":"scroll","background-type":"","background-media":"","overlay-type":"","overlay-color":"","overlay-opacity":"","overlay-gradient":""}},"ast-content-background-meta":{"desktop":{"background-color":"var(--ast-global-color-4)","background-image":"","background-repeat":"repeat","background-position":"center center","background-size":"auto","background-attachment":"scroll","background-type":"","background-media":"","overlay-type":"","overlay-color":"","overlay-opacity":"","overlay-gradient":""},"tablet":{"background-color":"var(--ast-global-color-4)","background-image":"","background-repeat":"repeat","background-position":"center center","background-size":"auto","background-attachment":"scroll","background-type":"","background-media":"","overlay-type":"","overlay-color":"","overlay-opacity":"","overlay-gradient":""},"mobile":{"background-color":"var(--ast-global-color-4)","background-image":"","background-repeat":"repeat","background-position":"center center","background-size":"auto","background-attachment":"scroll","background-type":"","background-media":"","overlay-type":"","overlay-color":"","overlay-opacity":"","overlay-gradient":""}}},"class_list":["post-11498","integrante_comite","type-integrante_comite","status-publish","has-post-thumbnail","hentry"],"acf":[],"yoast_head":"<!-- This site is optimized with the Yoast SEO plugin v26.9 - https:\/\/yoast.com\/product\/yoast-seo-wordpress\/ -->\n<title>Alberto Mu\u00f1oz - AJE Sevilla<\/title>\n<meta name=\"robots\" content=\"index, follow, max-snippet:-1, max-image-preview:large, max-video-preview:-1\" \/>\n<link rel=\"canonical\" href=\"https:\/\/ajeandalucia.org\/sevilla\/integrante_comite\/alberto-munoz\/\" \/>\n<meta property=\"og:locale\" content=\"es_ES\" \/>\n<meta property=\"og:type\" content=\"article\" \/>\n<meta property=\"og:title\" content=\"Alberto Mu\u00f1oz - AJE Sevilla\" \/>\n<meta property=\"og:description\" content=\"Alberto Manuel Mu\u00f1oz Cantos\u00a0es asesor jur\u00eddico-tributario, CEO de\u00a0MC&amp;A Asesores, despacho fundado en 1989. Experto en\u00a0fiscalidad internacional, de startups y grupos [&hellip;]\" \/>\n<meta property=\"og:url\" content=\"https:\/\/ajeandalucia.org\/sevilla\/integrante_comite\/alberto-munoz\/\" \/>\n<meta property=\"og:site_name\" content=\"AJE Sevilla\" \/>\n<meta property=\"article:modified_time\" content=\"2026-02-27T17:44:50+00:00\" \/>\n<meta property=\"og:image\" content=\"http:\/\/ajeandalucia.org\/sevilla\/wp-content\/uploads\/sites\/11\/2025\/01\/Z617656_lite.jpeg\" \/>\n\t<meta property=\"og:image:width\" content=\"1064\" \/>\n\t<meta property=\"og:image:height\" content=\"1600\" \/>\n\t<meta property=\"og:image:type\" content=\"image\/jpeg\" \/>\n<meta name=\"twitter:card\" content=\"summary_large_image\" \/>\n<meta name=\"twitter:label1\" content=\"Tiempo de lectura\" \/>\n\t<meta name=\"twitter:data1\" content=\"1 minuto\" \/>\n<script type=\"application\/ld+json\" class=\"yoast-schema-graph\">{\"@context\":\"https:\/\/schema.org\",\"@graph\":[{\"@type\":\"WebPage\",\"@id\":\"https:\/\/ajeandalucia.org\/sevilla\/integrante_comite\/alberto-munoz\/\",\"url\":\"https:\/\/ajeandalucia.org\/sevilla\/integrante_comite\/alberto-munoz\/\",\"name\":\"Alberto Mu\u00f1oz - AJE Sevilla\",\"isPartOf\":{\"@id\":\"https:\/\/ajeandalucia.org\/sevilla\/#website\"},\"primaryImageOfPage\":{\"@id\":\"https:\/\/ajeandalucia.org\/sevilla\/integrante_comite\/alberto-munoz\/#primaryimage\"},\"image\":{\"@id\":\"https:\/\/ajeandalucia.org\/sevilla\/integrante_comite\/alberto-munoz\/#primaryimage\"},\"thumbnailUrl\":\"https:\/\/ajeandalucia.org\/sevilla\/wp-content\/uploads\/sites\/11\/2025\/01\/Z617656_lite.jpeg\",\"datePublished\":\"2025-01-29T17:32:19+00:00\",\"dateModified\":\"2026-02-27T17:44:50+00:00\",\"breadcrumb\":{\"@id\":\"https:\/\/ajeandalucia.org\/sevilla\/integrante_comite\/alberto-munoz\/#breadcrumb\"},\"inLanguage\":\"es\",\"potentialAction\":[{\"@type\":\"ReadAction\",\"target\":[\"https:\/\/ajeandalucia.org\/sevilla\/integrante_comite\/alberto-munoz\/\"]}]},{\"@type\":\"ImageObject\",\"inLanguage\":\"es\",\"@id\":\"https:\/\/ajeandalucia.org\/sevilla\/integrante_comite\/alberto-munoz\/#primaryimage\",\"url\":\"https:\/\/ajeandalucia.org\/sevilla\/wp-content\/uploads\/sites\/11\/2025\/01\/Z617656_lite.jpeg\",\"contentUrl\":\"https:\/\/ajeandalucia.org\/sevilla\/wp-content\/uploads\/sites\/11\/2025\/01\/Z617656_lite.jpeg\",\"width\":1064,\"height\":1600},{\"@type\":\"BreadcrumbList\",\"@id\":\"https:\/\/ajeandalucia.org\/sevilla\/integrante_comite\/alberto-munoz\/#breadcrumb\",\"itemListElement\":[{\"@type\":\"ListItem\",\"position\":1,\"name\":\"Portada\",\"item\":\"https:\/\/ajeandalucia.org\/sevilla\/\"},{\"@type\":\"ListItem\",\"position\":2,\"name\":\"Alberto Mu\u00f1oz\"}]},{\"@type\":\"WebSite\",\"@id\":\"https:\/\/ajeandalucia.org\/sevilla\/#website\",\"url\":\"https:\/\/ajeandalucia.org\/sevilla\/\",\"name\":\"AJE Sevilla\",\"description\":\"Asociaci\u00f3n de J\u00f3venes Empresarios de Sevilla\",\"publisher\":{\"@id\":\"https:\/\/ajeandalucia.org\/sevilla\/#organization\"},\"potentialAction\":[{\"@type\":\"SearchAction\",\"target\":{\"@type\":\"EntryPoint\",\"urlTemplate\":\"https:\/\/ajeandalucia.org\/sevilla\/?s={search_term_string}\"},\"query-input\":{\"@type\":\"PropertyValueSpecification\",\"valueRequired\":true,\"valueName\":\"search_term_string\"}}],\"inLanguage\":\"es\"},{\"@type\":\"Organization\",\"@id\":\"https:\/\/ajeandalucia.org\/sevilla\/#organization\",\"name\":\"AJE Sevilla\",\"url\":\"https:\/\/ajeandalucia.org\/sevilla\/\",\"logo\":{\"@type\":\"ImageObject\",\"inLanguage\":\"es\",\"@id\":\"https:\/\/ajeandalucia.org\/sevilla\/#\/schema\/logo\/image\/\",\"url\":\"https:\/\/ajeandalucia.org\/sevilla\/wp-content\/uploads\/sites\/11\/2025\/02\/AJE-SEVILLA-horizontal.png\",\"contentUrl\":\"https:\/\/ajeandalucia.org\/sevilla\/wp-content\/uploads\/sites\/11\/2025\/02\/AJE-SEVILLA-horizontal.png\",\"width\":612,\"height\":200,\"caption\":\"AJE Sevilla\"},\"image\":{\"@id\":\"https:\/\/ajeandalucia.org\/sevilla\/#\/schema\/logo\/image\/\"}}]}<\/script>\n<!-- \/ Yoast SEO plugin. -->","yoast_head_json":{"title":"Alberto Mu\u00f1oz - AJE Sevilla","robots":{"index":"index","follow":"follow","max-snippet":"max-snippet:-1","max-image-preview":"max-image-preview:large","max-video-preview":"max-video-preview:-1"},"canonical":"https:\/\/ajeandalucia.org\/sevilla\/integrante_comite\/alberto-munoz\/","og_locale":"es_ES","og_type":"article","og_title":"Alberto Mu\u00f1oz - AJE Sevilla","og_description":"Alberto Manuel Mu\u00f1oz Cantos\u00a0es asesor jur\u00eddico-tributario, CEO de\u00a0MC&amp;A Asesores, despacho fundado en 1989. Experto en\u00a0fiscalidad internacional, de startups y grupos [&hellip;]","og_url":"https:\/\/ajeandalucia.org\/sevilla\/integrante_comite\/alberto-munoz\/","og_site_name":"AJE Sevilla","article_modified_time":"2026-02-27T17:44:50+00:00","og_image":[{"width":1064,"height":1600,"url":"http:\/\/ajeandalucia.org\/sevilla\/wp-content\/uploads\/sites\/11\/2025\/01\/Z617656_lite.jpeg","type":"image\/jpeg"}],"twitter_card":"summary_large_image","twitter_misc":{"Tiempo de lectura":"1 minuto"},"schema":{"@context":"https:\/\/schema.org","@graph":[{"@type":"WebPage","@id":"https:\/\/ajeandalucia.org\/sevilla\/integrante_comite\/alberto-munoz\/","url":"https:\/\/ajeandalucia.org\/sevilla\/integrante_comite\/alberto-munoz\/","name":"Alberto Mu\u00f1oz - AJE Sevilla","isPartOf":{"@id":"https:\/\/ajeandalucia.org\/sevilla\/#website"},"primaryImageOfPage":{"@id":"https:\/\/ajeandalucia.org\/sevilla\/integrante_comite\/alberto-munoz\/#primaryimage"},"image":{"@id":"https:\/\/ajeandalucia.org\/sevilla\/integrante_comite\/alberto-munoz\/#primaryimage"},"thumbnailUrl":"https:\/\/ajeandalucia.org\/sevilla\/wp-content\/uploads\/sites\/11\/2025\/01\/Z617656_lite.jpeg","datePublished":"2025-01-29T17:32:19+00:00","dateModified":"2026-02-27T17:44:50+00:00","breadcrumb":{"@id":"https:\/\/ajeandalucia.org\/sevilla\/integrante_comite\/alberto-munoz\/#breadcrumb"},"inLanguage":"es","potentialAction":[{"@type":"ReadAction","target":["https:\/\/ajeandalucia.org\/sevilla\/integrante_comite\/alberto-munoz\/"]}]},{"@type":"ImageObject","inLanguage":"es","@id":"https:\/\/ajeandalucia.org\/sevilla\/integrante_comite\/alberto-munoz\/#primaryimage","url":"https:\/\/ajeandalucia.org\/sevilla\/wp-content\/uploads\/sites\/11\/2025\/01\/Z617656_lite.jpeg","contentUrl":"https:\/\/ajeandalucia.org\/sevilla\/wp-content\/uploads\/sites\/11\/2025\/01\/Z617656_lite.jpeg","width":1064,"height":1600},{"@type":"BreadcrumbList","@id":"https:\/\/ajeandalucia.org\/sevilla\/integrante_comite\/alberto-munoz\/#breadcrumb","itemListElement":[{"@type":"ListItem","position":1,"name":"Portada","item":"https:\/\/ajeandalucia.org\/sevilla\/"},{"@type":"ListItem","position":2,"name":"Alberto Mu\u00f1oz"}]},{"@type":"WebSite","@id":"https:\/\/ajeandalucia.org\/sevilla\/#website","url":"https:\/\/ajeandalucia.org\/sevilla\/","name":"AJE Sevilla","description":"Asociaci\u00f3n de J\u00f3venes Empresarios de Sevilla","publisher":{"@id":"https:\/\/ajeandalucia.org\/sevilla\/#organization"},"potentialAction":[{"@type":"SearchAction","target":{"@type":"EntryPoint","urlTemplate":"https:\/\/ajeandalucia.org\/sevilla\/?s={search_term_string}"},"query-input":{"@type":"PropertyValueSpecification","valueRequired":true,"valueName":"search_term_string"}}],"inLanguage":"es"},{"@type":"Organization","@id":"https:\/\/ajeandalucia.org\/sevilla\/#organization","name":"AJE Sevilla","url":"https:\/\/ajeandalucia.org\/sevilla\/","logo":{"@type":"ImageObject","inLanguage":"es","@id":"https:\/\/ajeandalucia.org\/sevilla\/#\/schema\/logo\/image\/","url":"https:\/\/ajeandalucia.org\/sevilla\/wp-content\/uploads\/sites\/11\/2025\/02\/AJE-SEVILLA-horizontal.png","contentUrl":"https:\/\/ajeandalucia.org\/sevilla\/wp-content\/uploads\/sites\/11\/2025\/02\/AJE-SEVILLA-horizontal.png","width":612,"height":200,"caption":"AJE Sevilla"},"image":{"@id":"https:\/\/ajeandalucia.org\/sevilla\/#\/schema\/logo\/image\/"}}]}},"_links":{"self":[{"href":"https:\/\/ajeandalucia.org\/sevilla\/wp-json\/wp\/v2\/integrante_comite\/11498","targetHints":{"allow":["GET"]}}],"collection":[{"href":"https:\/\/ajeandalucia.org\/sevilla\/wp-json\/wp\/v2\/integrante_comite"}],"about":[{"href":"https:\/\/ajeandalucia.org\/sevilla\/wp-json\/wp\/v2\/types\/integrante_comite"}],"wp:featuredmedia":[{"embeddable":true,"href":"https:\/\/ajeandalucia.org\/sevilla\/wp-json\/wp\/v2\/media\/12027"}],"wp:attachment":[{"href":"https:\/\/ajeandalucia.org\/sevilla\/wp-json\/wp\/v2\/media?parent=11498"}],"curies":[{"name":"wp","href":"https:\/\/api.w.org\/{rel}","templated":true}]}}

Alberto Muñoz

<p>Alberto Manuel Muñoz Cantos es asesor jurídico-tributario, CEO de MC&amp;A Asesores, despacho fundado en 1989. Experto en fiscalidad internacional, de startups y grupos de empresas, posee una trayectoria sólida apoyando a empresas y emprendedores.</p>
<p>Lidera estrategias fiscales complejas y brinda asesoramiento práctico en planificación fiscal y optimización de operaciones de grupos fiscales.</p>
<p>Además, participa activamente en el tejido empresarial andaluz como miembro del comité ejecutivo de AJE Andalucía, impulsando el crecimiento y la innovación empresarial. Su enfoque combina rigor técnico, visión estratégica y compromiso con el desarrollo económico.</p>

<!-- This site is optimized with the Yoast SEO plugin v26.9 - https://yoast.com/product/yoast-seo-wordpress/ -->
<title>Alberto Muñoz - AJE Sevilla</title>
<meta name="robots" content="index, follow, max-snippet:-1, max-image-preview:large, max-video-preview:-1" />
<link rel="canonical" href="https://ajeandalucia.org/sevilla/integrante_comite/alberto-munoz/" />
<meta property="og:locale" content="es_ES" />
<meta property="og:type" content="article" />
<meta property="og:title" content="Alberto Muñoz - AJE Sevilla" />
<meta property="og:description" content="Alberto Manuel Muñoz Cantos es asesor jurídico-tributario, CEO de MC&amp;A Asesores, despacho fundado en 1989. Experto en fiscalidad internacional, de startups y grupos [&hellip;]" />
<meta property="og:url" content="https://ajeandalucia.org/sevilla/integrante_comite/alberto-munoz/" />
<meta property="og:site_name" content="AJE Sevilla" />
<meta property="article:modified_time" content="2026-02-27T17:44:50+00:00" />
<meta property="og:image" content="http://ajeandalucia.org/sevilla/wp-content/uploads/sites/11/2025/01/Z617656_lite.jpeg" />
	<meta property="og:image:width" content="1064" />
	<meta property="og:image:height" content="1600" />
	<meta property="og:image:type" content="image/jpeg" />
<meta name="twitter:card" content="summary_large_image" />
<meta name="twitter:label1" content="Tiempo de lectura" />
	<meta name="twitter:data1" content="1 minuto" />
<script type="application/ld+json" class="yoast-schema-graph">{"@context":"https://schema.org","@graph":[{"@type":"WebPage","@id":"https://ajeandalucia.org/sevilla/integrante_comite/alberto-munoz/","url":"https://ajeandalucia.org/sevilla/integrante_comite/alberto-munoz/","name":"Alberto Muñoz - AJE Sevilla","isPartOf":{"@id":"https://ajeandalucia.org/sevilla/#website"},"primaryImageOfPage":{"@id":"https://ajeandalucia.org/sevilla/integrante_comite/alberto-munoz/#primaryimage"},"image":{"@id":"https://ajeandalucia.org/sevilla/integrante_comite/alberto-munoz/#primaryimage"},"thumbnailUrl":"https://ajeandalucia.org/sevilla/wp-content/uploads/sites/11/2025/01/Z617656_lite.jpeg","datePublished":"2025-01-29T17:32:19+00:00","dateModified":"2026-02-27T17:44:50+00:00","breadcrumb":{"@id":"https://ajeandalucia.org/sevilla/integrante_comite/alberto-munoz/#breadcrumb"},"inLanguage":"es","potentialAction":[{"@type":"ReadAction","target":["https://ajeandalucia.org/sevilla/integrante_comite/alberto-munoz/"]}]},{"@type":"ImageObject","inLanguage":"es","@id":"https://ajeandalucia.org/sevilla/integrante_comite/alberto-munoz/#primaryimage","url":"https://ajeandalucia.org/sevilla/wp-content/uploads/sites/11/2025/01/Z617656_lite.jpeg","contentUrl":"https://ajeandalucia.org/sevilla/wp-content/uploads/sites/11/2025/01/Z617656_lite.jpeg","width":1064,"height":1600},{"@type":"BreadcrumbList","@id":"https://ajeandalucia.org/sevilla/integrante_comite/alberto-munoz/#breadcrumb","itemListElement":[{"@type":"ListItem","position":1,"name":"Portada","item":"https://ajeandalucia.org/sevilla/"},{"@type":"ListItem","position":2,"name":"Alberto Muñoz"}]},{"@type":"WebSite","@id":"https://ajeandalucia.org/sevilla/#website","url":"https://ajeandalucia.org/sevilla/","name":"AJE Sevilla","description":"Asociación de Jóvenes Empresarios de Sevilla","publisher":{"@id":"https://ajeandalucia.org/sevilla/#organization"},"potentialAction":[{"@type":"SearchAction","target":{"@type":"EntryPoint","urlTemplate":"https://ajeandalucia.org/sevilla/?s={search_term_string}"},"query-input":{"@type":"PropertyValueSpecification","valueRequired":true,"valueName":"search_term_string"}}],"inLanguage":"es"},{"@type":"Organization","@id":"https://ajeandalucia.org/sevilla/#organization","name":"AJE Sevilla","url":"https://ajeandalucia.org/sevilla/","logo":{"@type":"ImageObject","inLanguage":"es","@id":"https://ajeandalucia.org/sevilla/#/schema/logo/image/","url":"https://ajeandalucia.org/sevilla/wp-content/uploads/sites/11/2025/02/AJE-SEVILLA-horizontal.png","contentUrl":"https://ajeandalucia.org/sevilla/wp-content/uploads/sites/11/2025/02/AJE-SEVILLA-horizontal.png","width":612,"height":200,"caption":"AJE Sevilla"},"image":{"@id":"https://ajeandalucia.org/sevilla/#/schema/logo/image/"}}]}</script>
<!-- / Yoast SEO plugin. -->

Alberto Muñoz - AJE Sevilla

Alberto Manuel Muñoz Cantos es asesor jurídico-tributario, CEO de MC&amp;A Asesores, despacho fundado en 1989. Experto en fiscalidad internacional, de startups y grupos [&hellip;]

Asociación de Jóvenes Empresarios de Sevilla
